{"id":26597,"date":"2023-02-18T13:59:57","date_gmt":"2023-02-18T13:59:57","guid":{"rendered":"https:\/\/www.jogoremoto.pt\/site\/?page_id=26597"},"modified":"2023-03-13T20:27:46","modified_gmt":"2023-03-13T20:27:46","slug":"alemanha-manipulacao-de-resultados-desportivos","status":"publish","type":"page","link":"https:\/\/www.jogoremoto.pt\/site\/alemanha-manipulacao-de-resultados-desportivos\/","title":{"rendered":"Alemanha &#8211; Manipula\u00e7\u00e3o de Resultados Desportivos"},"content":{"rendered":"\n<h2 class=\"has-cyan-bluish-gray-background-color has-background\" id=\"plataforma-nacional\"><strong>Plataforma Nacional<\/strong><\/h2>\n\n\n\n<div style=\"height:40px\" aria-hidden=\"true\" class=\"wp-block-spacer\"><\/div>\n\n\n\n<p>Em 18 de setembro de 2014, a Alemanha assinou a Conven\u00e7\u00e3o contra a Manipula\u00e7\u00e3o das Competi\u00e7\u00f5es Desportivas (Conven\u00e7\u00e3o Macolin) durante uma reuni\u00e3o de ministros do desporto do Conselho da Europa. A conven\u00e7\u00e3o tem uma abordagem hol\u00edstica para combater o fen\u00f3meno, que prev\u00ea um interc\u00e2mbio de informa\u00e7\u00e3o envolvendo os respons\u00e1veis pelo seu combate. <\/p>\n\n\n\n<p>A 6 de junho de 2019, foi fundada a Plataforma Nacional de Combate \u00e0 Manipula\u00e7\u00e3o das Competi\u00e7\u00f5es Desportivas. O objetivo da plataforma consiste na liga\u00e7\u00e3o em rede de representantes das autoridades e associa\u00e7\u00f5es desportivas, bem como organizadores de competi\u00e7\u00f5es desportivas e fornecedores de apostas desportivas, para promover o interc\u00e2mbio de informa\u00e7\u00f5es, agregar conhecimentos especializados e divulgar medidas de preven\u00e7\u00e3o, a fim de poder combater a manipula\u00e7\u00e3o e a fraude nas apostas desportivas de forma mais eficaz e focalizada.<\/p>\n\n\n\n<p>Adicionalmente, os principais intervenientes do desporto organizado, associa\u00e7\u00f5es de atletas, federa\u00e7\u00f5es, organiza\u00e7\u00f5es n\u00e3o governamentais e institui\u00e7\u00f5es de investiga\u00e7\u00e3o foram convidados a participar na Plataforma Nacional.<\/p>\n\n\n\n<div style=\"height:40px\" aria-hidden=\"true\" class=\"wp-block-spacer\"><\/div>\n\n\n\n<h4 id=\"membros\"><strong>Membros<\/strong><\/h4>\n\n\n\n<ul><li><strong>\u00bb <\/strong><a href=\"https:\/\/athleten-deutschland.org\/en\/english\/\">Athleten Deutschland&nbsp;e.V.<\/a><\/li><li><strong>\u00bb <\/strong><a href=\"https:\/\/www.bmi.bund.de\/EN\/home\/home_node.html\">Bundesministerium des Innern, f\u00fcr Bau und Heimat (BMI)<\/a><\/li><li><strong>\u00bb <\/strong><a href=\"https:\/\/www.bmj.de\/EN\/Home\/home_node.html\">Bundesministerium der Justiz und f\u00fcr Verbraucherschutz (BMJV)<\/a><\/li><li><strong>\u00bb <\/strong><a href=\"https:\/\/www.bundesfinanzministerium.de\/Web\/EN\/Home\/home.html\">Bundesministerium der Finanzen (BMF)<\/a><\/li><li><strong>\u00bb <\/strong><a href=\"https:\/\/www.bka.de\/EN\/Home\/home_node.html\">Bundeskriminalamt (BKA)<\/a><\/li><li><strong>\u00bb <\/strong><a href=\"https:\/\/www.dosb.de\/\">Deutscher Olympischer Sportbund (DOSB)<\/a><\/li><li><strong>\u00bb <\/strong><a href=\"https:\/\/www.dshs-koeln.de\/english\/\">Deutsche Sporthochschule K\u00f6ln<\/a><\/li><li><strong>\u00bb <\/strong><a href=\"https:\/\/www.dsj.de\/\">Deutsche Sportjugend (dsj)<\/a><\/li><li><strong>\u00bb <\/strong><a href=\"https:\/\/www.dswv.de\/\">Deutscher Sportwettenverband&nbsp;e.V.&nbsp;(DSWV)<\/a><\/li><li><strong>\u00bb <\/strong><a href=\"https:\/\/www.dfb.de\/index\/\">Sportfachverb\u00e4nde (Deutscher Fussball-Bund&nbsp;e.V.<\/a>, <a href=\"https:\/\/www.dtb-tennis.de\/\">Deutscher Tennis Bund&nbsp;e.V<\/a>., <a href=\"https:\/\/www.dhb.de\/\">Deutscher Handballbund&nbsp;e.V.<\/a>, <a href=\"https:\/\/www.deb-online.de\/\">Deutscher Eishockey-Bund&nbsp;e.V<\/a>., <a href=\"https:\/\/www.basketball-bund.de\/\">Deutscher Basketball Bund&nbsp;e.V.<\/a>)<\/li><li><strong>\u00bb <\/strong><a href=\"https:\/\/www.dfl.de\/en\/\">Profi-Ligen (Deutsche Fussball Liga<\/a>, <a href=\"https:\/\/www.h-bw.de\/\">Handball-Bundesliga<\/a>, <a href=\"https:\/\/www.eliteprospects.com\/league\/del\">Deutsche Eishockey Liga<\/a>; <a href=\"https:\/\/www.volleyball-bundesliga.de\/\">Deutsche Volleyball-Bundesliga<\/a>, <a href=\"https:\/\/www.basketball-bund.de\/\">Deutsche Basketball-Bundesliga<\/a>)<\/li><li><strong>\u00bb <\/strong><a href=\"https:\/\/www.transparency.de\/\">Transparency&nbsp;International&nbsp;Deutschland&nbsp;e.V.<\/a><\/li><li><strong>\u00bb <\/strong><a href=\"https:\/\/www.spielergewerkschaft.de\/\">Vereinigung der Vertragsfussballspieler&nbsp;e.V.<\/a><\/li><\/ul>\n\n\n\n<div style=\"height:40px\" aria-hidden=\"true\" class=\"wp-block-spacer\"><\/div>\n\n\n\n<h2 class=\"has-cyan-bluish-gray-background-color has-background\" id=\"manipulacao-de-competicoes-desportivas\"><strong>Manipula\u00e7\u00e3o de Competi\u00e7\u00f5es Desportivas<\/strong><\/h2>\n\n\n\n<div style=\"height:40px\" aria-hidden=\"true\" class=\"wp-block-spacer\"><\/div>\n\n\n\n<p>A manipula\u00e7\u00e3o de competi\u00e7\u00f5es desportivas, tamb\u00e9m conhecida como &#8220;match-fixing&#8221;, \u00e9 entendida principalmente como a forma de influenciar os elementos de uma competi\u00e7\u00e3o desportiva (especialmente o resultado) com o objetivo de obter um lucro nas apostas ou uma vantagem econ\u00f3mica.<\/p>\n\n\n\n<p>O desporto tem um significado social excecional na Rep\u00fablica Federal da Alemanha. \u00c9 o portador de valores positivistas como a motiva\u00e7\u00e3o, a equidade, a toler\u00e2ncia e o esp\u00edrito de equipa. As competi\u00e7\u00f5es desportivas transmitem estes valores. Elas criam modelos para os jovens e ensinam-nos a regozijar-se com as vit\u00f3rias e a suportar as derrotas. Al\u00e9m disso, o desporto tornou-se um fator econ\u00f3mico not\u00e1vel, sobretudo em resultado da profissionaliza\u00e7\u00e3o, media\u00e7\u00e3o e comercializa\u00e7\u00e3o no campo do desporto de alto n\u00edvel e de competi\u00e7\u00e3o. Grandes eventos desportivos, tais como Campeonatos Mundiais e Jogos Ol\u00edmpicos, bem como ligas nacionais e internacionais, geram um volume de neg\u00f3cios e lucros consider\u00e1veis.<\/p>\n\n\n\n<div style=\"height:40px\" aria-hidden=\"true\" class=\"wp-block-spacer\"><\/div>\n\n\n\n<h4 id=\"danos-a-integridade-do-desporto\"><strong>Danos \u00e0 Integridade do Desporto<\/strong><\/h4>\n\n\n\n<p>A integridade do desporto baseia-se essencialmente na integridade e autenticidade das competi\u00e7\u00f5es desportivas, em que os participantes competem entre si em conformidade com as regras espec\u00edficas do desporto, na observ\u00e2ncia do princ\u00edpio da equidade, e em que o vencedor \u00e9 aquele que tem melhor desempenho. O resultado e o curso das competi\u00e7\u00f5es desportivas s\u00e3o por natureza imprevis\u00edveis e a\u00ed reside a sua atra\u00e7\u00e3o especial tanto para os atletas como para os espetadores. Se a imprevisibilidade do resultado de uma competi\u00e7\u00e3o for contrariada por uma manipula\u00e7\u00e3o, o desporto perde a sua credibilidade.<\/p>\n\n\n\n<p>A manipula\u00e7\u00e3o das competi\u00e7\u00f5es desportivas tem um impacto duradouro sobre estes valores e, al\u00e9m disso, prejudica frequentemente os bens de outros. Minam a credibilidade e autenticidade da competi\u00e7\u00e3o desportiva e colocam assim em perigo o significado social e econ\u00f3mico do desporto. As competi\u00e7\u00f5es cuja autenticidade est\u00e1 em quest\u00e3o j\u00e1 n\u00e3o podem transmitir o fasc\u00ednio e os valores do desporto, tais como a vontade de praticar, a equidade e o esp\u00edrito de equipa, de modo que existe o perigo de o desporto perder o interesse de um vasto p\u00fablico e, assim, perder o seu significado social e econ\u00f3mico.<\/p>\n\n\n\n<div style=\"height:40px\" aria-hidden=\"true\" class=\"wp-block-spacer\"><\/div>\n\n\n\n<h4 id=\"risco-de-danos-patrimoniais\"><strong>Risco de danos patrimoniais<\/strong><\/h4>\n\n\n\n<p>A fraude em apostas desportivas e a manipula\u00e7\u00e3o de competi\u00e7\u00f5es desportivas profissionais tamb\u00e9m representam um risco consider\u00e1vel para o patrim\u00f3nio de terceiros. Para al\u00e9m dos fornecedores de apostas desportivas e dos apostadores que s\u00e3o financeiramente prejudicados pelas competi\u00e7\u00f5es desportivas manipuladas e pelas apostas feitas nas mesmas, os atletas honestos envolvidos na competi\u00e7\u00e3o, bem como os clubes desportivos, organizadores e patrocinadores podem tamb\u00e9m sofrer perdas financeiras, especialmente no caso de competi\u00e7\u00f5es de categoria superior com car\u00e1ter desportivo profissional.<\/p>\n\n\n\n<div style=\"height:40px\" aria-hidden=\"true\" class=\"wp-block-spacer\"><\/div>\n\n\n\n<h2 class=\"has-cyan-bluish-gray-background-color has-background\" id=\"prevencao\"><strong>Preven\u00e7\u00e3o<\/strong><\/h2>\n\n\n\n<div style=\"height:40px\" aria-hidden=\"true\" class=\"wp-block-spacer\"><\/div>\n\n\n\n<p>Um fator muito decisivo para combater a manipula\u00e7\u00e3o das competi\u00e7\u00f5es desportivas \u00e9 a preven\u00e7\u00e3o. Deve ser feita uma distin\u00e7\u00e3o entre a preven\u00e7\u00e3o comportamental<sup><strong>*<\/strong><\/sup> e a preven\u00e7\u00e3o relacional<sup><strong>*<\/strong><\/sup>. Todos aqueles direta e indiretamente envolvidos em competi\u00e7\u00f5es desportivas s\u00e3o chamados a contribuir para uma preven\u00e7\u00e3o bem sucedida: dirigentes de federa\u00e7\u00f5es, atletas, \u00e1rbitros, t\u00e9cnicos de apoio, fornecedores de apostas, patrocinadores, fam\u00edlia e amigos, etc.<\/p>\n\n\n\n<p><strong>O \u00eaxito da preven\u00e7\u00e3o depende das seguintes medidas:<\/strong><\/p>\n\n\n\n<ul><li>1. Propaga\u00e7\u00e3o de uma cultura aberta e consciente no desporto;<\/li><li>2. Sensibiliza\u00e7\u00e3o para os perigos das apostas desportivas e da fixa\u00e7\u00e3o de resultados entre grupos-alvo espec\u00edficos no desporto, bem como entre o p\u00fablico;<\/li><li>3. Comunica\u00e7\u00e3o cont\u00ednua e abrangente adaptada aos respetivos grupos-alvo, utilizando diferentes canais de comunica\u00e7\u00e3o, incluindo as comunica\u00e7\u00f5es sociais;<\/li><li>4. Desenvolvimento de uma posi\u00e7\u00e3o consistente e cred\u00edvel das organiza\u00e7\u00f5es desportivas (incluindo a Liga Alem\u00e3 de Futebol) que t\u00eam fornecedores de apostas desportivas como patrocinadores ou parceiros publicit\u00e1rios;<\/li><li>5. Desenvolvimento de sistemas de den\u00fancia de&nbsp;irregularidades<\/li><\/ul>\n\n\n\n<div style=\"height:40px\" aria-hidden=\"true\" class=\"wp-block-spacer\"><\/div>\n\n\n\n<h4 id=\"prevencao-comportamental\"><sup><strong>*<\/strong><\/sup><strong>Preven\u00e7\u00e3o Comportamental<\/strong><\/h4>\n\n\n\n<p>A preven\u00e7\u00e3o comportamental come\u00e7a com o comportamento das pessoas envolvidas no desporto.<\/p>\n\n\n\n<p>Uma compreens\u00e3o e abertura aos valores fundamentais do desporto, tais como respeito, toler\u00e2ncia, <em>fair play<\/em>, integridade e esp\u00edrito de equipa, constituem a base de qualquer trabalho de preven\u00e7\u00e3o. As ofertas de forma\u00e7\u00e3o devem incidir particularmente nas compet\u00eancias essenciais, tais como comunica\u00e7\u00e3o, capacidade de decis\u00e3o e a capacidade de &#8220;poder dizer n\u00e3o&#8221;, e promov\u00ea-las. Na preven\u00e7\u00e3o do <em>doping<\/em>, ficou demonstrado que as formas ou medidas interativas que requerem uma participa\u00e7\u00e3o ativa s\u00e3o os m\u00e9todos de forma\u00e7\u00e3o mais promissores.<\/p>\n\n\n\n<p>No entanto, a preven\u00e7\u00e3o comportamental s\u00f3 pode ser uma face da moeda, uma vez que os atletas s\u00e3o confrontados com condi\u00e7\u00f5es de enquadramento que s\u00f3 podem mudar de forma limitada e com as quais n\u00e3o devem ser deixados s\u00f3s.<\/p>\n\n\n\n<div style=\"height:40px\" aria-hidden=\"true\" class=\"wp-block-spacer\"><\/div>\n\n\n\n<h4 id=\"prevencao-relacional\"><strong>*Preven\u00e7\u00e3o Relacional<\/strong><\/h4>\n\n\n\n<p>A preven\u00e7\u00e3o relacional come\u00e7a com a condi\u00e7\u00e3o de enquadramento em que os atletas e todas as outras pessoas envolvidas no desporto operam. A base de toda a preven\u00e7\u00e3o deve ser uma cultura desportiva aberta assente em valores. Isto inclui:<\/p>\n\n\n\n<ul><li>1. A proibi\u00e7\u00e3o consistente da pr\u00e1tica de qualquer tipo de manipula\u00e7\u00e3o;<\/li><li>2. A determina\u00e7\u00e3o de ser um modelo de comportamento com integridade &#8211; do topo para a base;<\/li><li>3. A disponibilidade para exprimir e abordar opini\u00f5es contr\u00e1rias e cr\u00edticas;<\/li><li>4. Uma abordagem proativa para lidar com os erros;<\/li><li>5. Uma atitude consistente de toler\u00e2ncia zero em rela\u00e7\u00e3o a qualquer tentativa de manipula\u00e7\u00e3o &#8211; especialmente manipula\u00e7\u00e3o de resultados por raz\u00f5es desportivas a todos os n\u00edveis de desempenho de todas as ligas;<\/li><li>6. Uma abordagem aberta e um posicionamento claro em rela\u00e7\u00e3o aos perigos das apostas, ao significado do v\u00edcio do jogo e das apostas desportivas ( palavra chave: &#8220;ilus\u00e3o de controlo&#8221; como porta de entrada para a manipula\u00e7\u00e3o das competi\u00e7\u00f5es desportivas);<\/li><li>7. Cabe \u00e0s associa\u00e7\u00f5es e clubes desportivos o dever de criar as devidas condi\u00e7\u00f5es de enquadramento e de dar o exemplo. O fundamento para tal deve ser a an\u00e1lise de risco n\u00e3o condicional relacionada com o desporto respetivo e a sua suscetibilidade a tentativas de manipula\u00e7\u00e3o.<\/li><\/ul>\n\n\n\n<div style=\"height:40px\" aria-hidden=\"true\" class=\"wp-block-spacer\"><\/div>\n\n\n\n<h4 id=\"legislacao-desportiva-e-prevencao\"><strong>Legisla\u00e7\u00e3o Desportiva e Preven\u00e7\u00e3o<\/strong><\/h4>\n\n\n\n<p>As medidas preventivas das federa\u00e7\u00f5es desportivas e dos organizadores de competi\u00e7\u00f5es, bem como dos organismos representativos dos atletas, s\u00e3o cruciais para a preven\u00e7\u00e3o da manipula\u00e7\u00e3o das competi\u00e7\u00f5es desportivas. Devem sensibilizar os atletas para os perigos e efeitos potencialmente amea\u00e7adores da atividade de apostas excessivas, depend\u00eancia do jogo e contactos com o &#8220;meio das apostas&#8221;. Medidas espec\u00edficas, incluindo a n\u00edvel da juventude, podem reduzir a vulnerabilidade a abordagens manipulativas e, assim, prestar um servi\u00e7o valioso \u00e0 integridade do desporto e \u00e0 sua reputa\u00e7\u00e3o. Estas incluem:<\/p>\n\n\n\n<ul><li>1. Regulamentos de direito desportivo<ul><li>a. Proibi\u00e7\u00f5es de manipula\u00e7\u00e3o e san\u00e7\u00f5es eficazes;<\/li><li>b. Proibi\u00e7\u00f5es de apostas para os atletas;<\/li><li>c. Obriga\u00e7\u00f5es de den\u00fancia para os atletas que tomem conhecimento de tentativas de manipula\u00e7\u00e3o;<\/li><\/ul><\/li><li>2. Canais de den\u00fancia independentes atrav\u00e9s de provedores de justi\u00e7a e sistemas de den\u00fancia de irregularidades baseados na Internet.<\/li><li>3. An\u00e1lises de risco.<\/li><li>4. Monitoriza\u00e7\u00e3o das cota\u00e7\u00f5es das apostas e de outras irregularidades.<\/li><li>5. Eventos obrigat\u00f3rios de forma\u00e7\u00e3o\/informa\u00e7\u00e3o espec\u00edfica sobre determinados fen\u00f3menos.<\/li><\/ul>\n\n\n\n<div style=\"height:40px\" aria-hidden=\"true\" class=\"wp-block-spacer\"><\/div>\n\n\n\n<h4 id=\"estudos\"><strong>Estudos<\/strong><\/h4>\n\n\n\n<p>A manipula\u00e7\u00e3o das competi\u00e7\u00f5es desportivas \u00e9 um fen\u00f3meno complexo. Isto aplica-se tanto \u00e0 manipula\u00e7\u00e3o com o objetivo de fraude nas apostas desportivas, como \u00e0 manipula\u00e7\u00e3o de competi\u00e7\u00f5es por outros motivos. A investiga\u00e7\u00e3o e a ci\u00eancia d\u00e3o um contributo valioso para uma melhor compreens\u00e3o, preven\u00e7\u00e3o e desenvolvimento de estrat\u00e9gias de combate com an\u00e1lises do fen\u00f3meno global e das suas subdivis\u00f5es. O governo federal financia projetos de investiga\u00e7\u00e3o selecionados atrav\u00e9s do Instituto Federal de Ci\u00eancias do Desporto (BISp).<\/p>\n\n\n\n<p>Para al\u00e9m da participa\u00e7\u00e3o de autoridades estatais, associa\u00e7\u00f5es desportivas e ligas profissionais, o Instituto de Direito Desportivo da Universidade Alem\u00e3 do Desporto (DSHS) \u00e9 tamb\u00e9m um participante regular na Plataforma Nacional. At\u00e9 agora, o Instituto de Direito Desportivo apresentou os seguintes estudos, entre outros:<\/p>\n\n\n\n<ul><li><mark style=\"background-color:rgba(0, 0, 0, 0)\" class=\"has-inline-color has-vivid-red-color\"><strong>\u00bb<\/strong><\/mark> Reorganiza\u00e7\u00e3o do jogo na Alemanha &#8211; em particular na perspetiva do desporto organizado, com vista a proteger a integridade das suas competi\u00e7\u00f5es desportivas (2012);<\/li><li><mark style=\"background-color:rgba(0, 0, 0, 0)\" class=\"has-inline-color has-vivid-red-color\"><strong>\u00bb<\/strong><\/mark> Desenvolvimento relacionado com o projeto de um c\u00f3digo anti corrup\u00e7\u00e3o para o desporto organizado em alem\u00e3o e ingl\u00eas (2014, 2\u00aa edi\u00e7\u00e3o 2015);<\/li><li><mark style=\"background-color:rgba(0, 0, 0, 0)\" class=\"has-inline-color has-vivid-red-color\"><strong>\u00bb<\/strong><\/mark> Observa\u00e7\u00f5es sobre os objetivos do Tratado de Estado sobre o jogo, em particular a prote\u00e7\u00e3o da integridade (2017);<\/li><li><strong><mark style=\"background-color:rgba(0, 0, 0, 0)\" class=\"has-inline-color has-vivid-red-color\">\u00bb<\/mark><\/strong> Avalia\u00e7\u00e3o baseada em factos do Tratado de Estado sobre o jogo com enfoque na defesa contra a manipula\u00e7\u00e3o do jogo relacionado com as apostas (2017);<\/li><li><strong><mark style=\"background-color:rgba(0, 0, 0, 0)\" class=\"has-inline-color has-vivid-red-color\">\u00bb<\/mark><\/strong> Avalia\u00e7\u00e3o interinstitucional dos regulamentos antimanipula\u00e7\u00e3o de federa\u00e7\u00f5es desportivas selecionadas no futebol, t\u00e9nis, h\u00f3quei no gelo e boxe (2020);<\/li><li><strong><mark style=\"background-color:rgba(0, 0, 0, 0)\" class=\"has-inline-color has-vivid-red-color\">\u00bb<\/mark><\/strong> Garantia de financiamento do desporto sem fins lucrativos a partir das receitas do jogo p\u00fablico para proteger a integridade das competi\u00e7\u00f5es desportivas (2021 a 2023).<\/li><\/ul>\n\n\n\n<p>Em 2020, o Instituto de Direito Desportivo completou uma avalia\u00e7\u00e3o dos regulamentos contra a corrup\u00e7\u00e3o nas federa\u00e7\u00f5es desportivas de futebol, t\u00e9nis, h\u00f3quei no gelo e boxe, em nome do Instituto Federal de Ci\u00eancias do Desporto. O Instituto Federal de Ci\u00eancias do Desporto&nbsp;financia atualmente&nbsp;outro projeto de investiga\u00e7\u00e3o do Instituto de Direito do Desporto sobre o tema. Garantia&nbsp;de financiamento do&nbsp;desporto&nbsp;sem fins lucrativos a partir das receitas do jogo p\u00fablico para proteger a integridade das competi\u00e7\u00f5es desportivas de 2021 a 2023.<\/p>\n\n\n\n<div style=\"height:40px\" aria-hidden=\"true\" class=\"wp-block-spacer\"><\/div>\n\n\n\n<h4 id=\"prevencao-e-repressao-de-infracoes-penais\"><strong>Preven\u00e7\u00e3o e Repress\u00e3o de Infra\u00e7\u00f5es Penais<\/strong><\/h4>\n\n\n\n<p>O Departamento Federal de Pol\u00edcia Criminal \u00e9 a entidade central da pol\u00edcia alem\u00e3. Nesta fun\u00e7\u00e3o, apoia as for\u00e7as policiais da Federa\u00e7\u00e3o e dos <em>L\u00e4nder <\/em>na preven\u00e7\u00e3o e repress\u00e3o de infra\u00e7\u00f5es penais com significado transnacional, internacional ou outro consider\u00e1vel (\u00a72 BKAG).<\/p>\n\n\n\n<p>Os procedimentos de investiga\u00e7\u00e3o na \u00e1rea da manipula\u00e7\u00e3o de competi\u00e7\u00f5es desportivas profissionais e a fraude em mat\u00e9ria de apostas desportivas s\u00e3o geralmente conduzidos pelas esquadras de pol\u00edcia locais dos Estados federados competentes.<\/p>\n\n\n\n<p>O Departamento Federal de Pol\u00edcia Criminal \u00e9 respons\u00e1vel pelo interc\u00e2mbio de informa\u00e7\u00f5es policiais sobre este dom\u00ednio e utiliza para o efeito uma rede de informa\u00e7\u00e3o nacional e internacional estabelecida, por exemplo, atrav\u00e9s do envolvimento da Interpol ou da Europol como uma autoridade policial europeia (Sec\u00e7\u00e3o 3 BKAG).<\/p>\n\n\n\n<p>Para al\u00e9m da coordena\u00e7\u00e3o nacional e internacional de casos de fraude em jogos e apostas desportivas, o Departamento Federal de Pol\u00edcia Criminal tamb\u00e9m os enriquece com as suas pr\u00f3prias investiga\u00e7\u00f5es e avalia\u00e7\u00f5es.<\/p>\n\n\n\n<div style=\"height:40px\" aria-hidden=\"true\" class=\"wp-block-spacer\"><\/div>\n\n\n\n<h4 id=\"monitorizacao-de-fornecedores-de-apostas\"><strong>Monitoriza\u00e7\u00e3o de fornecedores de apostas<\/strong><\/h4>\n\n\n\n<p>Os sistemas de monitoriza\u00e7\u00e3o de apostas desportivas online s\u00e3o uma componente importante na identifica\u00e7\u00e3o de apostas manipuladas. Estas s\u00e3o realizadas pelos pr\u00f3prios organizadores de apostas, por sistemas de monitoriza\u00e7\u00e3o intersetoriais e internacionais e, em parte, por associa\u00e7\u00f5es desportivas.<\/p>\n\n\n\n<p>As associa\u00e7\u00f5es e empresas privadas operam plataformas de monitoriza\u00e7\u00e3o intersetoriais e internacionais para prevenir a manipula\u00e7\u00e3o de apostas desportivas e fraudes nas apostas.<\/p>\n\n\n\n<p>Estas plataformas internacionais de monitoriza\u00e7\u00e3o incluem:<\/p>\n\n\n\n<ul><li><mark style=\"background-color:rgba(0, 0, 0, 0)\" class=\"has-inline-color has-vivid-red-color\">*<\/mark> <a href=\"https:\/\/ibia.bet\/\">IBIA (International Betting Integrity Association)<\/a>;<\/li><li><mark style=\"background-color:rgba(0, 0, 0, 0)\" class=\"has-inline-color has-vivid-red-color\">*<\/mark> <a href=\"https:\/\/ibia.bet\/wp-content\/uploads\/2019\/05\/ESSA-2012-backgrounder_FINAL.pdf\">ESSA (European Sports Security Association) (pdf)<\/a>;<\/li><li><mark style=\"background-color:rgba(0, 0, 0, 0)\" class=\"has-inline-color has-vivid-red-color\">*<\/mark> <a href=\"https:\/\/glms-sport.org\/news\/glms-becomes-ulis\">GLMS (Global Lottery Monitoring System)<\/a>;<\/li><li><mark style=\"background-color:rgba(0, 0, 0, 0)\" class=\"has-inline-color has-vivid-red-color\">*<\/mark> <a href=\"https:\/\/sportradar.com\/\">Sportradar<\/a>;<\/li><li><mark style=\"background-color:rgba(0, 0, 0, 0)\" class=\"has-inline-color has-vivid-red-color\">*<\/mark> <a href=\"https:\/\/geniussports.com\/\">Genius Sports<\/a>.<\/li><\/ul>\n\n\n\n<p>A monitoriza\u00e7\u00e3o deve, em particular, detetar riscos de apostas consp\u00edcuas (altera\u00e7\u00f5es). Em liga\u00e7\u00e3o com outros par\u00e2metros, estes permitem a identifica\u00e7\u00e3o de competi\u00e7\u00f5es manipuladas e comportamentos de apostas suspeitos. Desta forma, as apostas consp\u00edcuas,&nbsp;portanto, perigosas podem ser retiradas do mercado a tempo antes que os fornecedores de apostas possam sofrer uma perda financeira. O fator tempo, em particular, \u00e9 aqui essencial.<\/p>\n\n\n\n<h3 class=\"has-text-align-center\" id=\"visite\"><strong>Visite<\/strong><\/h3>\n\n\n\n<div class=\"wp-block-image is-style-default\"><figure class=\"aligncenter\"><a href=\"https:\/\/www.jogoremoto.pt\/\"><img loading=\"lazy\" width=\"180\" height=\"180\" src=\"https:\/\/www.jogoremoto.pt\/site\/wp-content\/uploads\/2023\/01\/VISITE-1.jpg\" alt=\"\" class=\"wp-image-24806\" srcset=\"https:\/\/www.jogoremoto.pt\/site\/wp-content\/uploads\/2023\/01\/VISITE-1.jpg 180w, https:\/\/www.jogoremoto.pt\/site\/wp-content\/uploads\/2023\/01\/VISITE-1-300x300.jpg 300w, https:\/\/www.jogoremoto.pt\/site\/wp-content\/uploads\/2023\/01\/VISITE-1-1024x1024.jpg 1024w, https:\/\/www.jogoremoto.pt\/site\/wp-content\/uploads\/2023\/01\/VISITE-1-150x150.jpg 150w, https:\/\/www.jogoremoto.pt\/site\/wp-content\/uploads\/2023\/01\/VISITE-1-768x768.jpg 768w, https:\/\/www.jogoremoto.pt\/site\/wp-content\/uploads\/2023\/01\/VISITE-1-1536x1536.jpg 1536w, https:\/\/www.jogoremoto.pt\/site\/wp-content\/uploads\/2023\/01\/VISITE-1-2048x2048.jpg 2048w\" sizes=\"(max-width: 180px) 100vw, 180px\" \/><\/a><\/figure><\/div>\n\n\n\n<p class=\"has-text-align-right\">top<\/p>\n","protected":false},"excerpt":{"rendered":"<p>Plataforma Nacional Em 18 de setembro de 2014, a Alemanha assinou a Conven\u00e7\u00e3o contra a Manipula\u00e7\u00e3o das Competi\u00e7\u00f5es Desportivas (Conven\u00e7\u00e3o Macolin) durante uma reuni\u00e3o de ministros do desporto do Conselho da Europa. A conven\u00e7\u00e3o tem uma abordagem hol\u00edstica para combater o fen\u00f3meno, que prev\u00ea um interc\u00e2mbio de informa\u00e7\u00e3o envolvendo os respons\u00e1veis pelo seu combate. A [&hellip;]<\/p>\n","protected":false},"author":1,"featured_media":0,"parent":0,"menu_order":0,"comment_status":"closed","ping_status":"closed","template":"","meta":[],"_links":{"self":[{"href":"https:\/\/www.jogoremoto.pt\/site\/wp-json\/wp\/v2\/pages\/26597"}],"collection":[{"href":"https:\/\/www.jogoremoto.pt\/site\/wp-json\/wp\/v2\/pages"}],"about":[{"href":"https:\/\/www.jogoremoto.pt\/site\/wp-json\/wp\/v2\/types\/page"}],"author":[{"embeddable":true,"href":"https:\/\/www.jogoremoto.pt\/site\/wp-json\/wp\/v2\/users\/1"}],"replies":[{"embeddable":true,"href":"https:\/\/www.jogoremoto.pt\/site\/wp-json\/wp\/v2\/comments?post=26597"}],"version-history":[{"count":25,"href":"https:\/\/www.jogoremoto.pt\/site\/wp-json\/wp\/v2\/pages\/26597\/revisions"}],"predecessor-version":[{"id":26680,"href":"https:\/\/www.jogoremoto.pt\/site\/wp-json\/wp\/v2\/pages\/26597\/revisions\/26680"}],"wp:attachment":[{"href":"https:\/\/www.jogoremoto.pt\/site\/wp-json\/wp\/v2\/media?parent=26597"}],"curies":[{"name":"wp","href":"https:\/\/api.w.org\/{rel}","templated":true}]}}