{"id":23237,"date":"2022-01-08T11:38:20","date_gmt":"2022-01-08T11:38:20","guid":{"rendered":"http:\/\/www.jogoremoto.pt\/site\/?page_id=23237"},"modified":"2023-01-12T16:52:44","modified_gmt":"2023-01-12T16:52:44","slug":"responsabilidade-social-combate-aos-comportamentos-fraudulentos-e-criminosos","status":"publish","type":"page","link":"https:\/\/www.jogoremoto.pt\/site\/responsabilidade-social-combate-aos-comportamentos-fraudulentos-e-criminosos\/","title":{"rendered":"Recomenda\u00e7\u00f5es &#8211; Combate aos Comportamentos Fraudulentos e Criminosos"},"content":{"rendered":"\n<p class=\"has-text-align-right has-vivid-red-color has-text-color has-small-font-size\"> Atualiza\u00e7\u00e3o em janeiro de 2022<\/p>\n\n\n\n<h2 id=\"jogo-seguro-e-responsavel\"><span style=\"color: #000000;\"><strong>JOGO SEGURO E RESPONS\u00c1VEL<\/strong><\/span><\/h2>\n\n\n\n<div style=\"height:40px\" aria-hidden=\"true\" class=\"wp-block-spacer\"><\/div>\n\n\n\n<h5 id=\"os-operadores-de-jogo-online-deverao-introduzir-voluntariamente-um-conjunto-de-regras-e-procedimentos-para-tornar-o-jogo-seguro-e-responsavel\">Os operadores de jogo online dever\u00e3o introduzir voluntariamente um conjunto de regras e procedimentos para tornar o jogo seguro e respons\u00e1vel.<\/h5>\n\n\n\n<div style=\"height:40px\" aria-hidden=\"true\" class=\"wp-block-spacer\"><\/div>\n\n\n\n<h2 id=\"recomendacoes\">RECOMENDA\u00c7\u00d5ES<\/h2>\n\n\n\n<div style=\"height:40px\" aria-hidden=\"true\" class=\"wp-block-spacer\"><\/div>\n\n\n\n<div class=\"wp-block-media-text alignwide is-stacked-on-mobile has-cyan-bluish-gray-background-color has-background\" style=\"grid-template-columns:20% auto\"><figure class=\"wp-block-media-text__media\"><img loading=\"lazy\" width=\"1024\" height=\"1024\" src=\"https:\/\/www.jogoremoto.pt\/site\/wp-content\/uploads\/2022\/01\/3-\u2013-Combate-aos-Comportamentos-Fraudulentos-e-Criminosos-1024x1024.jpg\" alt=\"\" class=\"wp-image-23171 size-full\" srcset=\"https:\/\/www.jogoremoto.pt\/site\/wp-content\/uploads\/2022\/01\/3-\u2013-Combate-aos-Comportamentos-Fraudulentos-e-Criminosos-1024x1024.jpg 1024w, https:\/\/www.jogoremoto.pt\/site\/wp-content\/uploads\/2022\/01\/3-\u2013-Combate-aos-Comportamentos-Fraudulentos-e-Criminosos-300x300.jpg 300w, https:\/\/www.jogoremoto.pt\/site\/wp-content\/uploads\/2022\/01\/3-\u2013-Combate-aos-Comportamentos-Fraudulentos-e-Criminosos-150x150.jpg 150w, https:\/\/www.jogoremoto.pt\/site\/wp-content\/uploads\/2022\/01\/3-\u2013-Combate-aos-Comportamentos-Fraudulentos-e-Criminosos-1536x1536.jpg 1536w, https:\/\/www.jogoremoto.pt\/site\/wp-content\/uploads\/2022\/01\/3-\u2013-Combate-aos-Comportamentos-Fraudulentos-e-Criminosos-2048x2048.jpg 2048w\" sizes=\"(max-width: 1024px) 100vw, 1024px\" \/><\/figure><div class=\"wp-block-media-text__content\">\n<p class=\"has-medium-font-size\">Responsabilidade e Propriedade.<\/p>\n\n\n\n<p class=\"has-medium-font-size\">Transfer\u00eancias e Financiamento de Contas.<\/p>\n\n\n\n<p class=\"has-medium-font-size\">Dete\u00e7\u00e3o e Den\u00fancia de Comportamentos Suspeitos e Criminosos.<\/p>\n\n\n\n<p class=\"has-medium-font-size\">Promo\u00e7\u00e3o do Jogo Respons\u00e1vel.<\/p>\n\n\n\n<p class=\"has-medium-font-size\">Reten\u00e7\u00e3o de Registos Relacionados com Anti-branqueamento de Capitais.<\/p>\n<\/div><\/div>\n\n\n\n<div style=\"height:40px\" aria-hidden=\"true\" class=\"wp-block-spacer\"><\/div>\n\n\n\n<p class=\"has-very-light-gray-color has-very-dark-gray-background-color has-text-color has-background has-medium-font-size\">RESPONSABILIDADE E PROPRIEDADE   <\/p>\n\n\n\n<p class=\"has-cyan-bluish-gray-background-color has-background has-medium-font-size\"><strong>3.1-<\/strong>&nbsp;Os operadores de jogo e apostas online licenciados devem desenvolver pol\u00edticas contra o branqueamento de capitais e financiamento do terrorismo aprovadas e apoiadas pela Administra\u00e7\u00e3o que providenciem medidas de seguran\u00e7a razo\u00e1veis para prevenir transa\u00e7\u00f5es potencialmente relacionadas com lavagem de dinheiro ou financiamento do terrorismo.<\/p>\n\n\n\n<p class=\"has-background has-medium-font-size\" style=\"background-color:#adadad\"><strong>3.2 \u2013<\/strong>&nbsp;Os operadores de jogo e apostas online licenciados devem nomear um funcion\u00e1rio com responsabilidades superiores de gest\u00e3o para implementar, monitorizar e garantir a efic\u00e1cia dos seus sistemas anti branqueamento de capitais e combate ao financiamento do terrorismo.<\/p>\n\n\n\n<p class=\"has-cyan-bluish-gray-background-color has-background has-medium-font-size\"><strong>3.3 \u2013<\/strong>&nbsp;Os requisitos de controlo de branqueamento de capitais e combate ao financiamento do terrorismo adotados entre os operadores de jogo e apostas online licenciados e os fornecedores de servi\u00e7os. devem ser claramente definidos.<\/p>\n\n\n\n<p class=\"has-background has-medium-font-size\" style=\"background-color:#adadad\"><strong>3.4 &nbsp;\u2013<\/strong>&nbsp;Os empregados dos s\u00edtios de jogo e apostas online licenciados devem receber forma\u00e7\u00e3o e orienta\u00e7\u00e3o sobre a pol\u00edtica do operador para garantir a r\u00e1pida identifica\u00e7\u00e3o, encaminhamento e den\u00fancia de fraudes ou suspeitas de branqueamento de capitais e financiamento do terrorismo.<\/p>\n\n\n\n<div style=\"height:40px\" aria-hidden=\"true\" class=\"wp-block-spacer\"><\/div>\n\n\n\n<p class=\"has-very-light-gray-color has-very-dark-gray-background-color has-text-color has-background has-medium-font-size\">TRANSFER\u00caNCIAS E FINANCIAMENTO DE CONTAS<\/p>\n\n\n\n<p class=\"has-cyan-bluish-gray-background-color has-background has-medium-font-size\"><strong>3.5<\/strong>&nbsp;\u2013 N\u00e3o deve ser utilizado dinheiro f\u00edsico ou m\u00e9todos de pagamento n\u00e3o eletr\u00f3nico para financiar uma conta de jogo, exceto se tais fundos forem depositados em estabelecimentos de jogo licenciados que adiram \u00e0 legisla\u00e7\u00e3o relevante de combate ao branqueamento de capitais aplic\u00e1veis na sua jurisdi\u00e7\u00e3o relevante.<\/p>\n\n\n\n<p class=\"has-background has-medium-font-size\" style=\"background-color:#adadad\"><strong>3.6<\/strong>&nbsp;\u2013 As transfer\u00eancias de fundos entre contas de operadores licenciados de jogos e apostas devem ocorrer atrav\u00e9s de um processo documental formal em conformidade com as suas pol\u00edticas de combate ao branqueamento de capitais e financiamento do terrorismo.<\/p>\n\n\n\n<p class=\"has-cyan-bluish-gray-background-color has-background has-medium-font-size\"><strong>3.7<\/strong>&nbsp;\u2013 Os termos e condi\u00e7\u00f5es contratuais dos operadores licenciados de jogo e apostas online devem declarar os mecanismos de controlo aplic\u00e1veis aos fundos transferidos entre os clientes.<\/p>\n\n\n\n<div style=\"height:40px\" aria-hidden=\"true\" class=\"wp-block-spacer\"><\/div>\n\n\n\n<p class=\"has-very-light-gray-color has-very-dark-gray-background-color has-text-color has-background has-medium-font-size\">DETE\u00c7\u00c3O E DEN\u00daNCIA DE COMPORTAMENTOS SUSPEITOS E CRIMINOSOS<\/p>\n\n\n\n<p class=\"has-background has-medium-font-size\" style=\"background-color:#adadad\"><strong>3.8 \u2013<\/strong>&nbsp;As pol\u00edticas e procedimentos de controlo anti branqueamento de capitais e combate ao financiamento do terrorismo dos operadores e prestadores de servi\u00e7os licenciados de jogo e apostas online devem ser claramente definidas e permitir a identifica\u00e7\u00e3o, encaminhamento e den\u00fancia de atividades pouco habituais ou suspeitas, incluindo dep\u00f3sitos, levantamentos e contas de clientes, nas quais existe pouca ou nenhuma atividade de jogo tenha ocorrido.<\/p>\n\n\n\n<p class=\"has-cyan-bluish-gray-background-color has-background has-medium-font-size\"><strong>3.9 \u2013<\/strong>&nbsp;As pr\u00e1ticas de combate ao branqueamento de capitais e financiamento do terrorismo dos operadores de jogos e apostas licenciados deve incluir a remiss\u00e3o de relat\u00f3rios de transa\u00e7\u00f5es suspeitas para a unidade nacional de integridade financeira e institui\u00e7\u00f5es internacionais relevantes.<\/p>\n\n\n\n<p class=\"has-background has-medium-font-size\" style=\"background-color:#adadad\"><strong>3.10 \u2013<\/strong>&nbsp;Os operadores licenciados de jogo e apostas online licenciados n\u00e3o devem efetuar dep\u00f3sitos ou&nbsp; pagamentos em contas suspeitas de branqueamento de capitais ou atividades terroristas salvo se autorizadas pelo respons\u00e1vel de den\u00fancias anti-braqueamento de capitais. Quando o dep\u00f3sito ou pagamento exceda os \u20ac2,000 (numa \u00fanica transa\u00e7\u00e3o ou numa s\u00e9rie de transa\u00e7\u00f5es que aparentem estar relacionadas), nenhum pagamento deve ser feito at\u00e9 o cliente ser identificado de forma adequada.<\/p>\n\n\n\n<p class=\"has-cyan-bluish-gray-background-color has-background has-medium-font-size\"><strong>3.11 \u2013&nbsp;<\/strong>Os s\u00edtios de jogo e apostas online licenciados devem exibir um aviso legal declarando que qualquer atividade criminosa ou suspeita poder\u00e1 ser denunciada.<\/p>\n\n\n\n<p class=\"has-background has-medium-font-size\" style=\"background-color:#adadad\"><strong>3.12 \u2013<\/strong>&nbsp;Todos os funcion\u00e1rios de operadores de jogos e apostas online licenciados devem ser avisados das suas obriga\u00e7\u00f5es de detetar e denunciar comportamentos suspeitos e criminais. Todos os funcion\u00e1rios e colaboradores devem estar informados sobre os perigos de \u201cdar indica\u00e7\u00f5es\u201d e sobre os procedimentos a seguir para garantir que tal n\u00e3o acontece.<\/p>\n\n\n\n<div style=\"height:40px\" aria-hidden=\"true\" class=\"wp-block-spacer\"><\/div>\n\n\n\n<p class=\"has-very-light-gray-color has-very-dark-gray-background-color has-text-color has-background has-medium-font-size\">PROMO\u00c7\u00c3O DO JOGO RESPONS\u00c1VEL<\/p>\n\n\n\n<p class=\"has-cyan-bluish-gray-background-color has-background has-medium-font-size\"><strong>3.11 \u2013<\/strong>&nbsp;Os s\u00edtios de jogo e apostas online licenciados devem garantir que n\u00e3o s\u00e3o feitos pagamentos a contas de clientes sobre as quais recaiam suspeitas de branqueamento de capitais ou actividades terroristas ou nas quais o pagamento exceda \u20ac10,000 (quer numa \u00fanica transa\u00e7\u00e3o ou numa s\u00e9rie de transa\u00e7\u00f5es que pare\u00e7am estar relacionadas), a menos que o cliente tenha sido identificado de forma adequada.<\/p>\n\n\n\n<p class=\"has-background has-medium-font-size\" style=\"background-color:#adadad\"><strong>3.12 \u2013<\/strong>&nbsp;Os s\u00edtios de jogo e apostas online licenciados devem garantir que todas as informa\u00e7\u00f5es relacionadas com altera\u00e7\u00f5es aos dados dos clientes s\u00e3o registadas e que requisitam a documenta\u00e7\u00e3o de verifica\u00e7\u00e3o para estas altera\u00e7\u00f5es (por exemplo, altera\u00e7\u00f5es ao nome e informa\u00e7\u00f5es banc\u00e1rias dos jogadores).<\/p>\n\n\n\n<p class=\"has-cyan-bluish-gray-background-color has-background has-medium-font-size\"><strong>3.13 \u2013<\/strong>&nbsp;Os s\u00edtios de jogo e apostas online licenciados devem garantir que n\u00e3o permitem o uso de dinheiro f\u00edsico ou n\u00e3o electr\u00f3nico para financiar uma conta.<\/p>\n\n\n\n<p class=\"has-background has-medium-font-size\" style=\"background-color:#adadad\"><strong>3.14 \u2013<\/strong>&nbsp;Nos s\u00edtios de jogo e apostas online licenciados as transfer\u00eancias de fundos entre contas de clientes devem ser conduzidas atrav\u00e9s de um processo formal e documentado.<\/p>\n\n\n\n<p class=\"has-cyan-bluish-gray-background-color has-background has-medium-font-size\"><strong>3.15 \u2013<\/strong>&nbsp;Os termos e condi\u00e7\u00f5es contratuais dos s\u00edtios de jogo e apostas online licenciados devem declarar os mecanismos de controlo aplic\u00e1veis aos fundos transferidos entre os clientes.<\/p>\n\n\n\n<div style=\"height:40px\" aria-hidden=\"true\" class=\"wp-block-spacer\"><\/div>\n\n\n\n<p class=\"has-cyan-bluish-gray-color has-very-dark-gray-background-color has-text-color has-background has-medium-font-size\">RETEN\u00c7\u00c3O DE REGISTOS RELACIONADOS COM ANTI BRANQUEAMENTO DE CAPITAIS <\/p>\n\n\n\n<p class=\"has-background has-medium-font-size\" style=\"background-color:#adadad\"><strong>3.16 \u2013&nbsp;<\/strong>Os registos das transa\u00e7\u00f5es financeiras dos clientes de s\u00edtios de jogo e apostas online licenciados devem ser retidos de acordo com os requisitos de reten\u00e7\u00e3o previstos na legisla\u00e7\u00e3o da jurisdi\u00e7\u00e3o em que se encontrem licenciados.<\/p>\n\n\n\n<p class=\"has-cyan-bluish-gray-background-color has-background has-medium-font-size\"><strong>3.17 \u2013&nbsp;<\/strong>Os operadores licenciados de jogo e apostas online devem garantir que todas as informa\u00e7\u00f5es relacionadas com altera\u00e7\u00f5es dos dados dos clientes s\u00e3o registadas e a valida\u00e7\u00e3o dos requisitos para altera\u00e7\u00f5es significativas devem ser documentadas (por exemplo, altera\u00e7\u00f5es ao nome e informa\u00e7\u00f5es banc\u00e1rias dos clientes).<\/p>\n\n\n\n<p class=\"has-background has-medium-font-size\" style=\"background-color:#adadad\"><strong>3.18 \u2013&nbsp;<\/strong>O operador de jogos e apostas online licenciado deve remeter fundos apenas pelo mesmo mecanismo de pagamento de onde os fundos s\u00e3o origin\u00e1rios, exceto quando as altera\u00e7\u00f5es aos mecanismos de pagamento s\u00e3o documentadas, e quando estes fundos s\u00e3o recolhidos de um operador legalmente estabelecido, que adira \u00e0 legisla\u00e7\u00e3o anti-branqueamento de capitais relevante aplic\u00e1vel na jurisdi\u00e7\u00e3o em causa.<\/p>\n\n\n\n<p class=\"has-cyan-bluish-gray-background-color has-background has-medium-font-size\"><strong>3.19 \u2013&nbsp;<\/strong>Os documentos de verifica\u00e7\u00e3o dos clientes dos s\u00edtios de jogo e apostas online licenciados s\u00e3o retidos de acordo com os requisitos de reten\u00e7\u00e3o previstos na legisla\u00e7\u00e3o da jurisdi\u00e7\u00e3o de licenciamento do operador.<\/p>\n\n\n\n<p class=\"has-vivid-red-color has-text-color\"><a href=\"http:\/\/www.jogoremoto.pt\/site\/wp-content\/uploads\/2022\/01\/Combate-aos-comportamentos-fraudulentos-e-criminosos-_-Observat%C3%B3rio-do-Jogo-Respons%C3%A1vel....pdf\"><img loading=\"lazy\" width=\"1024\" height=\"1024\" class=\"wp-image-10567\" style=\"width: 80px;\" src=\"https:\/\/www.jogoremoto.pt\/site\/wp-content\/uploads\/2015\/07\/PDF-icon.png\" alt=\"\" srcset=\"https:\/\/www.jogoremoto.pt\/site\/wp-content\/uploads\/2015\/07\/PDF-icon.png 1024w, https:\/\/www.jogoremoto.pt\/site\/wp-content\/uploads\/2015\/07\/PDF-icon-150x150.png 150w, https:\/\/www.jogoremoto.pt\/site\/wp-content\/uploads\/2015\/07\/PDF-icon-300x300.png 300w\" sizes=\"(max-width: 1024px) 100vw, 1024px\" \/><\/a><strong><a href=\"http:\/\/www.jogoremoto.pt\/site\/wp-content\/uploads\/2022\/01\/Combate-aos-comportamentos-fraudulentos-e-criminosos-_-Observat\u00f3rio-do-Jogo-Respons\u00e1vel....pdf\">IMPRIMIR<\/a><\/strong><\/p>\n\n\n\n<div style=\"height:40px\" aria-hidden=\"true\" class=\"wp-block-spacer\"><\/div>\n\n\n\n<p class=\"has-small-font-size\"><strong>Consultas<\/strong><br>Trabalhos da Comiss\u00e3o Europeia no dom\u00ednio dos servi\u00e7os de jogo online<br>Decreto Lei n.\u00ba 66\/2015, de 29 de Abril<br>Servi\u00e7os de Regula\u00e7\u00e3o e Inspe\u00e7\u00e3o de Jogos | Turismo de Portugal<br>CEN \u2013 Comit\u00e9 Europeu de Normaliza\u00e7\u00e3o<br>European Organization for Gaming Law<br>European Gaming and Betting Association<br>European Lotteries<br>International Olympic Committee<br>Betting and Gaming Council<br>International Betting Integrity Association<br>Conselho da Europa<br>International Association of Gaming Regulators<br>e-Commerce and Online Gaming Gaming Regulations and Assurance <\/p>\n\n\n\n<div style=\"height:40px\" aria-hidden=\"true\" class=\"wp-block-spacer\"><\/div>\n\n\n\n<h2 id=\"protecao-dos-consumidores\"><strong>PROTE\u00c7\u00c3O DOS CONSUMIDORES<\/strong><\/h2>\n\n\n\n<div style=\"height:40px\" aria-hidden=\"true\" class=\"wp-block-spacer\"><\/div>\n\n\n\n<p>A ind\u00fastria dos Jogos de Fortuna ou Azar dever\u00e1 responder de forma coerente \u00e0s iniciativas desenvolvidas a n\u00edvel europeu, em particular&nbsp;a&nbsp;<span style=\"color: #ff6600;\"><a style=\"color: #ff6600;\" href=\"http:\/\/www.jogoseguro.pt\/wp-content\/uploads\/2016\/05\/RECOMENDA%C3%87%C3%83O-DA-COMISS%C3%83O-DE-14-DE-JULHO-DE-2014.pdf\">Recomenda\u00e7\u00e3o da Comiss\u00e3o Europeia de 14 de julho de 2014<\/a><\/span>, sobre princ\u00edpios para a prote\u00e7\u00e3o dos consumidores e utilizadores de servi\u00e7os de jogos e apostas online e preven\u00e7\u00e3o do jogo entre menores de idade. Este documento, que reflete os trabalhos anteriores da Comiss\u00e3o e do Parlamento Europeu, prop\u00f5e aos diferentes Estados-Membros a ado\u00e7\u00e3o de um elenco de medidas com o objetivo de proteger o consumidor e o cidad\u00e3o em geral, com particular \u00eanfase nos coletivos suscet\u00edveis de considera\u00e7\u00e3o especial.<\/p>\n\n\n\n<p>Em Portugal, os&nbsp;operadores de jogo online, em cumprimento com o disposto no<span style=\"color: #ff6600;\"><a style=\"color: #ff6600;\" href=\"http:\/\/www.jogoseguro.pt\/wp-content\/uploads\/2017\/12\/ARTIGO-7-DEC-LEI-66_2015.pdf\">&nbsp;Decreto-Lei 66\/2015 de 29 de abril de 2015<\/a><\/span>, sobre \u2018Pol\u00edtica de Jogo Respons\u00e1vel\u2019,&nbsp;est\u00e3o obrigados a introduzir um conjunto de regras e procedimentos para tornar o jogo seguro e respons\u00e1vel.<\/p>\n\n\n\n<div style=\"height:40px\" aria-hidden=\"true\" class=\"wp-block-spacer\"><\/div>\n\n\n\n<h3 class=\"has-text-align-center\" id=\"visite\">Visite<\/h3>\n\n\n\n<div class=\"wp-block-image is-style-default\"><figure class=\"aligncenter size-full\"><a href=\"https:\/\/www.jogoremoto.pt\/\"><img loading=\"lazy\" width=\"180\" height=\"180\" src=\"https:\/\/www.jogoremoto.pt\/site\/wp-content\/uploads\/2023\/01\/VISITE-1.jpg\" alt=\"\" class=\"wp-image-24806\" srcset=\"https:\/\/www.jogoremoto.pt\/site\/wp-content\/uploads\/2023\/01\/VISITE-1.jpg 180w, https:\/\/www.jogoremoto.pt\/site\/wp-content\/uploads\/2023\/01\/VISITE-1-300x300.jpg 300w, https:\/\/www.jogoremoto.pt\/site\/wp-content\/uploads\/2023\/01\/VISITE-1-1024x1024.jpg 1024w, https:\/\/www.jogoremoto.pt\/site\/wp-content\/uploads\/2023\/01\/VISITE-1-150x150.jpg 150w, https:\/\/www.jogoremoto.pt\/site\/wp-content\/uploads\/2023\/01\/VISITE-1-768x768.jpg 768w, https:\/\/www.jogoremoto.pt\/site\/wp-content\/uploads\/2023\/01\/VISITE-1-1536x1536.jpg 1536w, https:\/\/www.jogoremoto.pt\/site\/wp-content\/uploads\/2023\/01\/VISITE-1-2048x2048.jpg 2048w\" sizes=\"(max-width: 180px) 100vw, 180px\" \/><\/a><\/figure><\/div>\n\n\n\n<p class=\"has-text-align-right\"><div class=\"rule\"><span class=\"top\">top<\/span><\/div><\/p>\n","protected":false},"excerpt":{"rendered":"<p>Atualiza\u00e7\u00e3o em janeiro de 2022 JOGO SEGURO E RESPONS\u00c1VEL Os operadores de jogo online dever\u00e3o introduzir voluntariamente um conjunto de regras e procedimentos para tornar o jogo seguro e respons\u00e1vel. RECOMENDA\u00c7\u00d5ES Responsabilidade e Propriedade. Transfer\u00eancias e Financiamento de Contas. Dete\u00e7\u00e3o e Den\u00fancia de Comportamentos Suspeitos e Criminosos. Promo\u00e7\u00e3o do Jogo Respons\u00e1vel. Reten\u00e7\u00e3o de Registos Relacionados [&hellip;]<\/p>\n","protected":false},"author":1,"featured_media":0,"parent":0,"menu_order":0,"comment_status":"closed","ping_status":"closed","template":"","meta":[],"_links":{"self":[{"href":"https:\/\/www.jogoremoto.pt\/site\/wp-json\/wp\/v2\/pages\/23237"}],"collection":[{"href":"https:\/\/www.jogoremoto.pt\/site\/wp-json\/wp\/v2\/pages"}],"about":[{"href":"https:\/\/www.jogoremoto.pt\/site\/wp-json\/wp\/v2\/types\/page"}],"author":[{"embeddable":true,"href":"https:\/\/www.jogoremoto.pt\/site\/wp-json\/wp\/v2\/users\/1"}],"replies":[{"embeddable":true,"href":"https:\/\/www.jogoremoto.pt\/site\/wp-json\/wp\/v2\/comments?post=23237"}],"version-history":[{"count":21,"href":"https:\/\/www.jogoremoto.pt\/site\/wp-json\/wp\/v2\/pages\/23237\/revisions"}],"predecessor-version":[{"id":25854,"href":"https:\/\/www.jogoremoto.pt\/site\/wp-json\/wp\/v2\/pages\/23237\/revisions\/25854"}],"wp:attachment":[{"href":"https:\/\/www.jogoremoto.pt\/site\/wp-json\/wp\/v2\/media?parent=23237"}],"curies":[{"name":"wp","href":"https:\/\/api.w.org\/{rel}","templated":true}]}}