{"id":19147,"date":"2018-10-17T04:45:34","date_gmt":"2018-10-17T04:45:34","guid":{"rendered":"http:\/\/www.jogoremoto.pt\/site\/?page_id=19147"},"modified":"2023-01-12T16:05:57","modified_gmt":"2023-01-12T16:05:57","slug":"responsabilidade-social-compromisso-com-a-satisfacao-e-apoio-ao-cliente","status":"publish","type":"page","link":"https:\/\/www.jogoremoto.pt\/site\/responsabilidade-social-compromisso-com-a-satisfacao-e-apoio-ao-cliente\/","title":{"rendered":"Recomenda\u00e7\u00f5es &#8211; Compromisso com a Satisfa\u00e7\u00e3o e Apoio ao Cliente"},"content":{"rendered":"\n<p class=\"has-text-align-right has-vivid-red-color has-text-color has-small-font-size\"> Atualiza\u00e7\u00e3o em janeiro de 2022 <\/p>\n\n\n\n<h4 id=\"jogo-seguro-e-responsavel\"><strong>JOGO SEGURO E RESPONS\u00c1VEL<\/strong><\/h4>\n\n\n\n<h5 id=\"os-operadores-de-jogo-online-deverao-introduzir-voluntariamente-um-conjunto-de-regras-e-procedimentos-para-tornar-o-jogo-seguro-e-responsavel\">Os operadores de jogo online dever\u00e3o introduzir voluntariamente um conjunto de regras e procedimentos para tornar o jogo seguro e respons\u00e1vel.<\/h5>\n\n\n\n<div style=\"height:20px\" aria-hidden=\"true\" class=\"wp-block-spacer\"><\/div>\n\n\n\n<h4 id=\"recomendacoes\">RECOMENDA\u00c7\u00d5ES<\/h4>\n\n\n\n<div class=\"wp-block-media-text alignwide is-stacked-on-mobile has-cyan-bluish-gray-background-color has-background\" style=\"grid-template-columns:23% auto\"><figure class=\"wp-block-media-text__media\"><img loading=\"lazy\" width=\"1024\" height=\"1024\" src=\"https:\/\/www.jogoremoto.pt\/site\/wp-content\/uploads\/2022\/01\/8-Compromisso-com-a-Satisfa\u00e7\u00e3o-e-Apoio-ao-Cliente-1024x1024.jpg\" alt=\"\" class=\"wp-image-23263 size-full\" srcset=\"https:\/\/www.jogoremoto.pt\/site\/wp-content\/uploads\/2022\/01\/8-Compromisso-com-a-Satisfa\u00e7\u00e3o-e-Apoio-ao-Cliente-1024x1024.jpg 1024w, https:\/\/www.jogoremoto.pt\/site\/wp-content\/uploads\/2022\/01\/8-Compromisso-com-a-Satisfa\u00e7\u00e3o-e-Apoio-ao-Cliente-300x300.jpg 300w, https:\/\/www.jogoremoto.pt\/site\/wp-content\/uploads\/2022\/01\/8-Compromisso-com-a-Satisfa\u00e7\u00e3o-e-Apoio-ao-Cliente-150x150.jpg 150w, https:\/\/www.jogoremoto.pt\/site\/wp-content\/uploads\/2022\/01\/8-Compromisso-com-a-Satisfa\u00e7\u00e3o-e-Apoio-ao-Cliente-1536x1536.jpg 1536w, https:\/\/www.jogoremoto.pt\/site\/wp-content\/uploads\/2022\/01\/8-Compromisso-com-a-Satisfa\u00e7\u00e3o-e-Apoio-ao-Cliente-2048x2048.jpg 2048w\" sizes=\"(max-width: 1024px) 100vw, 1024px\" \/><\/figure><div class=\"wp-block-media-text__content\">\n<p class=\"has-medium-font-size\">Resolu\u00e7\u00e3o de Lit\u00edgios.<\/p>\n\n\n\n<p class=\"has-medium-font-size\">Resolu\u00e7\u00e3o de Lit\u00edgios por Terceiros.<\/p>\n<\/div><\/div>\n\n\n\n<div style=\"height:40px\" aria-hidden=\"true\" class=\"wp-block-spacer\"><\/div>\n\n\n\n<p class=\"has-very-light-gray-color has-very-dark-gray-background-color has-text-color has-background has-medium-font-size\">RESOLU\u00c7\u00c3O DE LIT\u00cdGIOS<\/p>\n\n\n\n<p class=\"has-cyan-bluish-gray-background-color has-background has-medium-font-size\"><strong>8.1<\/strong>&nbsp;\u2013 A informa\u00e7\u00e3o de contacto para reclama\u00e7\u00f5es e resolu\u00e7\u00e3o de lit\u00edgios deve encontrar-se leg\u00edvel e facilmente acess\u00edvel nos s\u00edtios dos operadores de jogos e apostas online licenciados.<\/p>\n\n\n\n<p class=\"has-background has-medium-font-size\" style=\"background-color:#c1c1c1\"><strong>8.2<\/strong>&nbsp;\u2013 Os clientes dos s\u00edtios de jogo e apostas online licenciados devem poder apresentar reclama\u00e7\u00f5es e lit\u00edgios 24 horas por dia, 7 dias por semana.<\/p>\n\n\n\n<p class=\"has-cyan-bluish-gray-background-color has-background has-medium-font-size\"><strong>8.3<\/strong>&nbsp;\u2013 Sempre que poss\u00edvel os s\u00edtios de jogo e apostas online licenciados devem prestar assist\u00eancia e aconselhamento a todos os clientes sobre reclama\u00e7\u00f5es e lit\u00edgios na mesma l\u00edngua dos conte\u00fados do site.<\/p>\n\n\n\n<p class=\"has-background has-medium-font-size\" style=\"background-color:#c1c1c1\"><strong>8.4<\/strong>&nbsp;\u2013 A resolu\u00e7\u00e3o e encaminhamento das reclama\u00e7\u00f5es dos clientes dos s\u00edtios de jogo e apostas online licenciados devem ser feitas de acordo com um processo formal documentado.<\/p>\n\n\n\n<p class=\"has-cyan-bluish-gray-background-color has-background has-medium-font-size\"><strong>8.5<\/strong>&nbsp;\u2013 Os operadores de jogo e apostas online licenciados devem manter registos de toda a correspond\u00eancia dos clientes relacionada com reclama\u00e7\u00f5es e lit\u00edgios por um per\u00edodo de tempo adequado.<\/p>\n\n\n\n<div style=\"height:40px\" aria-hidden=\"true\" class=\"wp-block-spacer\"><\/div>\n\n\n\n<p class=\"has-very-light-gray-color has-very-dark-gray-background-color has-text-color has-background has-medium-font-size\">RESOLU\u00c7\u00c3O DE LIT\u00cdGIOS POR TERCEIROS<\/p>\n\n\n\n<p class=\"has-background has-medium-font-size\" style=\"background-color:#c1c1c1\"><strong>8.6<\/strong>&nbsp;Uma parte terceira independente pode estar dispon\u00edvel para resolu\u00e7\u00e3o de conflitos e lit\u00edgios.<\/p>\n\n\n\n<p class=\"has-cyan-bluish-gray-background-color has-background has-medium-font-size\"><strong>8.7<\/strong>&nbsp;A parte terceira deve manter registos de toda a correspond\u00eancia dos clientes relacionada com reclama\u00e7\u00f5es e lit\u00edgios por um per\u00edodo de tempo adequado.<\/p>\n\n\n\n<p class=\"has-vivid-red-color has-text-color\"><a href=\"http:\/\/www.jogoremoto.pt\/site\/wp-content\/uploads\/2022\/01\/Compromisso-com-a-Satisfa%C3%A7%C3%A3o-e-Apoio-ao-Cliente-_-Observat%C3%B3rio-do-Jogo-Respons%C3%A1vel.pdf\"><img loading=\"lazy\" width=\"1024\" height=\"1024\" class=\"wp-image-10567\" style=\"width: 80px;\" src=\"https:\/\/www.jogoremoto.pt\/site\/wp-content\/uploads\/2015\/07\/PDF-icon.png\" alt=\"\" srcset=\"https:\/\/www.jogoremoto.pt\/site\/wp-content\/uploads\/2015\/07\/PDF-icon.png 1024w, https:\/\/www.jogoremoto.pt\/site\/wp-content\/uploads\/2015\/07\/PDF-icon-150x150.png 150w, https:\/\/www.jogoremoto.pt\/site\/wp-content\/uploads\/2015\/07\/PDF-icon-300x300.png 300w\" sizes=\"(max-width: 1024px) 100vw, 1024px\" \/><\/a> <strong><a href=\"http:\/\/www.jogoremoto.pt\/site\/wp-content\/uploads\/2022\/01\/Compromisso-com-a-Satisfa\u00e7\u00e3o-e-Apoio-ao-Cliente-_-Observat\u00f3rio-do-Jogo-Respons\u00e1vel.pdf\">IMPRIMIR<\/a><\/strong><\/p>\n\n\n\n<div style=\"height:40px\" aria-hidden=\"true\" class=\"wp-block-spacer\"><\/div>\n\n\n\n<p class=\"has-small-font-size\"> <strong>Consultas:<\/strong><br>Trabalhos da Comiss\u00e3o Europeia no dom\u00ednio dos servi\u00e7os de jogo online<br>Decreto Lei n.\u00ba 66\/2015, de 29 de Abril<br>Servi\u00e7os de Regula\u00e7\u00e3o e Inspe\u00e7\u00e3o de Jogos | Turismo de Portugal<br>CEN \u2013 Comit\u00e9 Europeu de Normaliza\u00e7\u00e3o<br>European Organization for Gaming Law<br>European Gaming and Betting Association<br>European Lotteries<br>International Olympic Committee<br>Betting and Gaming Council<br>International Betting Integrity Association<br>Conselho da Europa<br>International Association of Gaming Regulators<br>e-Commerce and Online Gaming Gaming Regulations and Assurance <\/p>\n\n\n\n<div style=\"height:40px\" aria-hidden=\"true\" class=\"wp-block-spacer\"><\/div>\n\n\n\n<h3 class=\"has-text-align-center\" id=\"visite\">Visite<\/h3>\n\n\n\n<div class=\"wp-block-image is-style-default\"><figure class=\"aligncenter size-full\"><a href=\"https:\/\/www.jogoremoto.pt\/\"><img loading=\"lazy\" width=\"180\" height=\"180\" src=\"https:\/\/www.jogoremoto.pt\/site\/wp-content\/uploads\/2023\/01\/VISITE-1.jpg\" alt=\"\" class=\"wp-image-24806\" srcset=\"https:\/\/www.jogoremoto.pt\/site\/wp-content\/uploads\/2023\/01\/VISITE-1.jpg 180w, https:\/\/www.jogoremoto.pt\/site\/wp-content\/uploads\/2023\/01\/VISITE-1-300x300.jpg 300w, https:\/\/www.jogoremoto.pt\/site\/wp-content\/uploads\/2023\/01\/VISITE-1-1024x1024.jpg 1024w, https:\/\/www.jogoremoto.pt\/site\/wp-content\/uploads\/2023\/01\/VISITE-1-150x150.jpg 150w, https:\/\/www.jogoremoto.pt\/site\/wp-content\/uploads\/2023\/01\/VISITE-1-768x768.jpg 768w, https:\/\/www.jogoremoto.pt\/site\/wp-content\/uploads\/2023\/01\/VISITE-1-1536x1536.jpg 1536w, https:\/\/www.jogoremoto.pt\/site\/wp-content\/uploads\/2023\/01\/VISITE-1-2048x2048.jpg 2048w\" sizes=\"(max-width: 180px) 100vw, 180px\" \/><\/a><\/figure><\/div>\n\n\n\n<p class=\"has-text-align-right\"><div class=\"rule\"><span class=\"top\">top<\/span><\/div><\/p>\n\n\n\n<div style=\"height:40px\" aria-hidden=\"true\" class=\"wp-block-spacer\"><\/div>\n","protected":false},"excerpt":{"rendered":"<p>Atualiza\u00e7\u00e3o em janeiro de 2022 JOGO SEGURO E RESPONS\u00c1VEL Os operadores de jogo online dever\u00e3o introduzir voluntariamente um conjunto de regras e procedimentos para tornar o jogo seguro e respons\u00e1vel. RECOMENDA\u00c7\u00d5ES Resolu\u00e7\u00e3o de Lit\u00edgios. Resolu\u00e7\u00e3o de Lit\u00edgios por Terceiros. RESOLU\u00c7\u00c3O DE LIT\u00cdGIOS 8.1&nbsp;\u2013 A informa\u00e7\u00e3o de contacto para reclama\u00e7\u00f5es e resolu\u00e7\u00e3o de lit\u00edgios deve encontrar-se [&hellip;]<\/p>\n","protected":false},"author":1,"featured_media":0,"parent":0,"menu_order":0,"comment_status":"closed","ping_status":"closed","template":"","meta":[],"_links":{"self":[{"href":"https:\/\/www.jogoremoto.pt\/site\/wp-json\/wp\/v2\/pages\/19147"}],"collection":[{"href":"https:\/\/www.jogoremoto.pt\/site\/wp-json\/wp\/v2\/pages"}],"about":[{"href":"https:\/\/www.jogoremoto.pt\/site\/wp-json\/wp\/v2\/types\/page"}],"author":[{"embeddable":true,"href":"https:\/\/www.jogoremoto.pt\/site\/wp-json\/wp\/v2\/users\/1"}],"replies":[{"embeddable":true,"href":"https:\/\/www.jogoremoto.pt\/site\/wp-json\/wp\/v2\/comments?post=19147"}],"version-history":[{"count":26,"href":"https:\/\/www.jogoremoto.pt\/site\/wp-json\/wp\/v2\/pages\/19147\/revisions"}],"predecessor-version":[{"id":25833,"href":"https:\/\/www.jogoremoto.pt\/site\/wp-json\/wp\/v2\/pages\/19147\/revisions\/25833"}],"wp:attachment":[{"href":"https:\/\/www.jogoremoto.pt\/site\/wp-json\/wp\/v2\/media?parent=19147"}],"curies":[{"name":"wp","href":"https:\/\/api.w.org\/{rel}","templated":true}]}}