{"id":19135,"date":"2018-10-17T04:06:08","date_gmt":"2018-10-17T04:06:08","guid":{"rendered":"http:\/\/www.jogoremoto.pt\/site\/?page_id=19135"},"modified":"2023-01-12T15:57:13","modified_gmt":"2023-01-12T15:57:13","slug":"responsabilidade-social-pagamentos-celeres-e-precisos-aos-clientes","status":"publish","type":"page","link":"https:\/\/www.jogoremoto.pt\/site\/responsabilidade-social-pagamentos-celeres-e-precisos-aos-clientes\/","title":{"rendered":"Recomenda\u00e7\u00f5es &#8211; Pagamentos C\u00e9leres e Precisos aos Clientes"},"content":{"rendered":"\n<p class=\"has-text-align-right has-vivid-red-color has-text-color has-small-font-size\"> Atualiza\u00e7\u00e3o em janeiro de 2022<\/p>\n\n\n\n<h4 id=\"jogo-seguro-e-responsavel\"> <strong>JOGO SEGURO E RESPONS\u00c1VEL<\/strong> <\/h4>\n\n\n\n<h5 id=\"os-operadores-de-jogo-online-deverao-introduzir-voluntariamente-um-conjunto-de-regras-e-procedimentos-para-tornar-o-jogo-seguro-e-responsavel\">Os operadores de jogo online dever\u00e3o introduzir voluntariamente um conjunto de regras e procedimentos para tornar o jogo seguro e respons\u00e1vel.<\/h5>\n\n\n\n<div style=\"height:20px\" aria-hidden=\"true\" class=\"wp-block-spacer\"><\/div>\n\n\n\n<h4 id=\"recomendacoes\">RECOMENDA\u00c7\u00d5ES<\/h4>\n\n\n\n<div class=\"wp-block-media-text alignwide is-stacked-on-mobile has-cyan-bluish-gray-background-color has-background\" style=\"grid-template-columns:22% auto\"><figure class=\"wp-block-media-text__media\"><img loading=\"lazy\" width=\"1024\" height=\"1024\" src=\"https:\/\/www.jogoremoto.pt\/site\/wp-content\/uploads\/2022\/01\/5-\u2013-Pagamentos-C\u00e9leres-e-Precisos-aos-Clientes-1024x1024.jpg\" alt=\"\" class=\"wp-image-23260 size-full\" srcset=\"https:\/\/www.jogoremoto.pt\/site\/wp-content\/uploads\/2022\/01\/5-\u2013-Pagamentos-C\u00e9leres-e-Precisos-aos-Clientes-1024x1024.jpg 1024w, https:\/\/www.jogoremoto.pt\/site\/wp-content\/uploads\/2022\/01\/5-\u2013-Pagamentos-C\u00e9leres-e-Precisos-aos-Clientes-300x300.jpg 300w, https:\/\/www.jogoremoto.pt\/site\/wp-content\/uploads\/2022\/01\/5-\u2013-Pagamentos-C\u00e9leres-e-Precisos-aos-Clientes-150x150.jpg 150w, https:\/\/www.jogoremoto.pt\/site\/wp-content\/uploads\/2022\/01\/5-\u2013-Pagamentos-C\u00e9leres-e-Precisos-aos-Clientes-1536x1536.jpg 1536w, https:\/\/www.jogoremoto.pt\/site\/wp-content\/uploads\/2022\/01\/5-\u2013-Pagamentos-C\u00e9leres-e-Precisos-aos-Clientes-2048x2048.jpg 2048w\" sizes=\"(max-width: 1024px) 100vw, 1024px\" \/><\/figure><div class=\"wp-block-media-text__content\">\n<p class=\"has-medium-font-size\">Registo, Informa\u00e7\u00e3o e Processo de Pagamento.<\/p>\n\n\n\n<p class=\"has-medium-font-size\">Bloqueio de Contas.<\/p>\n\n\n\n<p class=\"has-medium-font-size\">Sufici\u00eancia de Fundos do Operador.<\/p>\n\n\n\n<p class=\"has-medium-font-size\">Contas Inativas.<\/p>\n<\/div><\/div>\n\n\n\n<div style=\"height:40px\" aria-hidden=\"true\" class=\"wp-block-spacer\"><\/div>\n\n\n\n<p class=\"has-very-light-gray-color has-very-dark-gray-background-color has-text-color has-background has-medium-font-size\">REGISTO, INFORMA\u00c7\u00c3O E PROCESSO DE PAGAMENTO<\/p>\n\n\n\n<p class=\"has-cyan-bluish-gray-background-color has-background has-medium-font-size\"><strong>5.1<\/strong>&nbsp;<strong>\u2013<\/strong>&nbsp;Os termos e condi\u00e7\u00f5es contratuais dos s\u00edtios de jogo e apostas online licenciados devem declarar que apenas os clientes legalmente autorizados podem participar nas atividades de jogo e apostas.<\/p>\n\n\n\n<p class=\"has-background has-medium-font-size\" style=\"background-color:#adadad\"><strong>5.2<\/strong>&nbsp;<strong>\u2013&nbsp;<\/strong>Os pagamentos de e para os clientes devem se processados de acordo com um processo formal documentado.<\/p>\n\n\n\n<p class=\"has-cyan-bluish-gray-background-color has-background has-medium-font-size\"><strong>5.3&nbsp;\u2013&nbsp;<\/strong>Nos s\u00edtios de jogo e apostas online licenciados a dete\u00e7\u00e3o e corre\u00e7\u00e3o de recibos de \u201ctempos de espera\u201d (timeouts) devem ser conduzidos de acordo com um processo formal documentado, quando se aplique.<\/p>\n\n\n\n<p class=\"has-background has-medium-font-size\" style=\"background-color:#adadad\"><strong>5.4&nbsp;\u2013&nbsp;<\/strong>Os operadores de jogo e apostas online licenciados devem garantir o processamento r\u00e1pido e preciso de pagamentos, sujeitos a verifica\u00e7\u00f5es e controlos adequados e necess\u00e1rios.<\/p>\n\n\n\n<p class=\"has-cyan-bluish-gray-background-color has-background has-medium-font-size\"><strong>5.5&nbsp;\u2013&nbsp;<\/strong>Toda a informa\u00e7\u00e3o relativa a recibos e pagamentos dever\u00e1 ser armazenada e retida pelas partes aplic\u00e1veis de acordo com os requisitos de reten\u00e7\u00e3o da jurisdi\u00e7\u00e3o de licenciamento do operador.<\/p>\n\n\n\n<p class=\"has-background has-medium-font-size\" style=\"background-color:#adadad\"><strong>5.6 \u2013&nbsp;<\/strong>As reconcilia\u00e7\u00f5es financeiras efetuadas para pagamentos e recebimentos devem ser revistas e aprovadas.<\/p>\n\n\n\n<p class=\"has-cyan-bluish-gray-background-color has-background has-medium-font-size\"><strong>5.7 \u2013&nbsp;<\/strong>As consultas relacionadas com contas de jogo e apostas online devem ser tratadas de forma r\u00e1pida pelos operadores de jogo e apostas online licenciados.<\/p>\n\n\n\n<p class=\"has-background has-medium-font-size\" style=\"background-color:#adadad\"><strong>5.8 \u2013&nbsp;<\/strong>Os procedimentos, condi\u00e7\u00f5es de registo, dep\u00f3sito e levantamento devem ser comunicados, de forma clara, aos clientes dos s\u00edtios de jogo e apostas online licenciados.<\/p>\n\n\n\n<p class=\"has-cyan-bluish-gray-background-color has-background has-medium-font-size\"><strong>5.9 \u2013&nbsp;<\/strong>Os s\u00edtios de jogo e apostas online licenciados devem manter em seguran\u00e7a uma lista de todos os clientes registados.<\/p>\n\n\n\n<p class=\"has-background has-medium-font-size\" style=\"background-color:#adadad\"><strong>5.10 \u2013&nbsp;<\/strong>Os s\u00edtios de jogo e apostas online licenciados apenas devem conceder permiss\u00e3o aos seus clientes para abrir uma \u00fanica conta.<\/p>\n\n\n\n<p class=\"has-cyan-bluish-gray-background-color has-background has-medium-font-size\"><strong>5.11 \u2013&nbsp;<\/strong>Os pagamentos aos clientes dos s\u00edtios de jogo e apostas online licenciados devem ser feitos no prazo m\u00e1ximo de 7 dias ap\u00f3s rece\u00e7\u00e3o do pedido e verifica\u00e7\u00e3o.<\/p>\n\n\n\n<div style=\"height:40px\" aria-hidden=\"true\" class=\"wp-block-spacer\"><\/div>\n\n\n\n<p class=\"has-very-light-gray-color has-very-dark-gray-background-color has-text-color has-background has-medium-font-size\">BLOQUEIO DE CONTAS<\/p>\n\n\n\n<p class=\"has-background has-medium-font-size\" style=\"background-color:#adadad\"><strong>5.12<\/strong>&nbsp;\u2013&nbsp;O bloqueio de contas de jogadores deve ser conduzido de acordo com um processo formal documentado pelos operadores de jogo e apostas online licenciados.<\/p>\n\n\n\n<p class=\"has-cyan-bluish-gray-background-color has-background has-medium-font-size\"><strong>5.13&nbsp;\u2013&nbsp;<\/strong>Quaisquer fundos n\u00e3o reclamados deixados na conta, previamente desativada por um operador de jogo e apostas online licenciado, devem ser remetidos ao titular da conta, sob pedido e sujeito aos termos e condi\u00e7\u00f5es contratuais publicados.<\/p>\n\n\n\n<div style=\"height:40px\" aria-hidden=\"true\" class=\"wp-block-spacer\"><\/div>\n\n\n\n<p class=\"has-very-light-gray-color has-very-dark-gray-background-color has-text-color has-background has-medium-font-size\">SUFICI\u00caNCIA DE FUNDOS DO OPERADOR<\/p>\n\n\n\n<p class=\"has-background has-medium-font-size\" style=\"background-color:#adadad\"><strong>5.14&nbsp;\u2013&nbsp;<\/strong>A responsabilidade do operador de jogo e apostas online licenciados pelos saldos dos clientes, dinheiro em caixa pendente e pr\u00e9mios garantidos dever ser identificada separadamente a qualquer altura, devendo o operador demonstrar liquidez suficiente para pagar estes saldos.<\/p>\n\n\n\n<div style=\"height:40px\" aria-hidden=\"true\" class=\"wp-block-spacer\"><\/div>\n\n\n\n<p class=\"has-very-light-gray-color has-very-dark-gray-background-color has-text-color has-background has-medium-font-size\">CONTAS INATIVAS<\/p>\n\n\n\n<p class=\"has-cyan-bluish-gray-background-color has-background has-medium-font-size\"><strong>5.15 \u2013<\/strong>&nbsp;Se o operador de jogos e apostas online licenciado decidir limpar as contas inativas, ent\u00e3o os clientes devem ser previamente informados \u00e0 limpeza da conta, e esta politica deve estar claramente expressa nos termos e condi\u00e7\u00f5es do operador.<\/p>\n\n\n\n<p class=\"has-background has-medium-font-size\" style=\"background-color:#adadad\"><strong>5.16 \u2013<\/strong>&nbsp;Os s\u00edtios de jogo e apostas online licenciados devem manter os registos sobre todas as contas de clientes que foram eliminadas.<\/p>\n\n\n\n<p class=\"has-cyan-bluish-gray-background-color has-background has-medium-font-size\"><strong>5.17&nbsp;<\/strong><strong>\u2013&nbsp;<\/strong>Todos os clientes que pe\u00e7am um levantamento de dinheiro de contas que tenham sido eliminadas devem faze-lo de acordo com os termos e condi\u00e7\u00f5es contratuais do s\u00edtios de jogo e apostas online licenciados.<\/p>\n\n\n\n<p class=\"has-vivid-red-color has-text-color\"><a href=\"http:\/\/www.jogoremoto.pt\/site\/wp-content\/uploads\/2022\/01\/Pagamentos-c%C3%A9leres-e-precisos-aos-clientes-_-Observat%C3%B3rio-do-Jogo-Respons%C3%A1vel....pdf\"><img loading=\"lazy\" width=\"1024\" height=\"1024\" class=\"wp-image-10567\" style=\"width: 80px;\" src=\"https:\/\/www.jogoremoto.pt\/site\/wp-content\/uploads\/2015\/07\/PDF-icon.png\" alt=\"\" srcset=\"https:\/\/www.jogoremoto.pt\/site\/wp-content\/uploads\/2015\/07\/PDF-icon.png 1024w, https:\/\/www.jogoremoto.pt\/site\/wp-content\/uploads\/2015\/07\/PDF-icon-150x150.png 150w, https:\/\/www.jogoremoto.pt\/site\/wp-content\/uploads\/2015\/07\/PDF-icon-300x300.png 300w\" sizes=\"(max-width: 1024px) 100vw, 1024px\" \/><\/a> <strong><a href=\"http:\/\/www.jogoremoto.pt\/site\/wp-content\/uploads\/2022\/01\/Pagamentos-c\u00e9leres-e-precisos-aos-clientes-_-Observat\u00f3rio-do-Jogo-Respons\u00e1vel....pdf\">IMPRIMIR<\/a><\/strong><\/p>\n\n\n\n<div style=\"height:40px\" aria-hidden=\"true\" class=\"wp-block-spacer\"><\/div>\n\n\n\n<p class=\"has-small-font-size\"><strong>Consultas<\/strong><br>Trabalhos da Comiss\u00e3o Europeia no dom\u00ednio dos servi\u00e7os de jogo online<br>Decreto Lei n.\u00ba 66\/2015, de 29 de Abril<br>Servi\u00e7os de Regula\u00e7\u00e3o e Inspe\u00e7\u00e3o de Jogos | Turismo de Portugal<br>CEN \u2013 Comit\u00e9 Europeu de Normaliza\u00e7\u00e3o<br>European Organization for Gaming Law<br>European Gaming and Betting Association<br>European Lotteries<br>International Olympic Committee<br>Betting and Gaming Council<br>International Betting Integrity Association<br>Conselho da Europa<br>International Association of Gaming Regulators<br>e-Commerce and Online Gaming Gaming Regulations and Assurance <\/p>\n\n\n\n<div style=\"height:40px\" aria-hidden=\"true\" class=\"wp-block-spacer\"><\/div>\n\n\n\n<h3 class=\"has-text-align-center\" id=\"visite\">Visite<\/h3>\n\n\n\n<div class=\"wp-block-image is-style-default\"><figure class=\"aligncenter size-full\"><a href=\"https:\/\/www.jogoremoto.pt\/\"><img loading=\"lazy\" width=\"180\" height=\"180\" src=\"https:\/\/www.jogoremoto.pt\/site\/wp-content\/uploads\/2023\/01\/VISITE-1.jpg\" alt=\"\" class=\"wp-image-24806\" srcset=\"https:\/\/www.jogoremoto.pt\/site\/wp-content\/uploads\/2023\/01\/VISITE-1.jpg 180w, https:\/\/www.jogoremoto.pt\/site\/wp-content\/uploads\/2023\/01\/VISITE-1-300x300.jpg 300w, https:\/\/www.jogoremoto.pt\/site\/wp-content\/uploads\/2023\/01\/VISITE-1-1024x1024.jpg 1024w, https:\/\/www.jogoremoto.pt\/site\/wp-content\/uploads\/2023\/01\/VISITE-1-150x150.jpg 150w, https:\/\/www.jogoremoto.pt\/site\/wp-content\/uploads\/2023\/01\/VISITE-1-768x768.jpg 768w, https:\/\/www.jogoremoto.pt\/site\/wp-content\/uploads\/2023\/01\/VISITE-1-1536x1536.jpg 1536w, https:\/\/www.jogoremoto.pt\/site\/wp-content\/uploads\/2023\/01\/VISITE-1-2048x2048.jpg 2048w\" sizes=\"(max-width: 180px) 100vw, 180px\" \/><\/a><\/figure><\/div>\n\n\n\n<p class=\"has-text-align-right\"><div class=\"rule\"><span class=\"top\">top<\/span><\/div><\/p>\n","protected":false},"excerpt":{"rendered":"<p>Atualiza\u00e7\u00e3o em janeiro de 2022 JOGO SEGURO E RESPONS\u00c1VEL Os operadores de jogo online dever\u00e3o introduzir voluntariamente um conjunto de regras e procedimentos para tornar o jogo seguro e respons\u00e1vel. RECOMENDA\u00c7\u00d5ES Registo, Informa\u00e7\u00e3o e Processo de Pagamento. Bloqueio de Contas. Sufici\u00eancia de Fundos do Operador. Contas Inativas. REGISTO, INFORMA\u00c7\u00c3O E PROCESSO DE PAGAMENTO 5.1&nbsp;\u2013&nbsp;Os termos [&hellip;]<\/p>\n","protected":false},"author":1,"featured_media":0,"parent":0,"menu_order":0,"comment_status":"closed","ping_status":"closed","template":"","meta":[],"_links":{"self":[{"href":"https:\/\/www.jogoremoto.pt\/site\/wp-json\/wp\/v2\/pages\/19135"}],"collection":[{"href":"https:\/\/www.jogoremoto.pt\/site\/wp-json\/wp\/v2\/pages"}],"about":[{"href":"https:\/\/www.jogoremoto.pt\/site\/wp-json\/wp\/v2\/types\/page"}],"author":[{"embeddable":true,"href":"https:\/\/www.jogoremoto.pt\/site\/wp-json\/wp\/v2\/users\/1"}],"replies":[{"embeddable":true,"href":"https:\/\/www.jogoremoto.pt\/site\/wp-json\/wp\/v2\/comments?post=19135"}],"version-history":[{"count":34,"href":"https:\/\/www.jogoremoto.pt\/site\/wp-json\/wp\/v2\/pages\/19135\/revisions"}],"predecessor-version":[{"id":25827,"href":"https:\/\/www.jogoremoto.pt\/site\/wp-json\/wp\/v2\/pages\/19135\/revisions\/25827"}],"wp:attachment":[{"href":"https:\/\/www.jogoremoto.pt\/site\/wp-json\/wp\/v2\/media?parent=19135"}],"curies":[{"name":"wp","href":"https:\/\/api.w.org\/{rel}","templated":true}]}}