{"id":19123,"date":"2018-10-17T03:57:41","date_gmt":"2018-10-17T03:57:41","guid":{"rendered":"http:\/\/www.jogoremoto.pt\/site\/?page_id=19123"},"modified":"2023-01-12T15:48:46","modified_gmt":"2023-01-12T15:48:46","slug":"responsabilidade-social-prevencao-do-jogo-de-menores-de-idade","status":"publish","type":"page","link":"https:\/\/www.jogoremoto.pt\/site\/responsabilidade-social-prevencao-do-jogo-de-menores-de-idade\/","title":{"rendered":"Recomenda\u00e7\u00f5es &#8211; Preven\u00e7\u00e3o do Jogo de Menores de Idade"},"content":{"rendered":"\n<p class=\"has-text-align-right has-vivid-red-color has-text-color has-small-font-size\"> Atualiza\u00e7\u00e3o em janeiro de 2022<\/p>\n\n\n\n<h2 id=\"jogo-seguro-e-responsavel\"><span style=\"color: #000000;\"><strong>JOGO SEGURO E RESPONS\u00c1VEL<\/strong><\/span><\/h2>\n\n\n\n<div style=\"height:40px\" aria-hidden=\"true\" class=\"wp-block-spacer\"><\/div>\n\n\n\n<h5 id=\"os-operadores-de-jogo-online-deverao-introduzir-voluntariamente-um-conjunto-de-regras-e-procedimentos-para-tornar-o-jogo-seguro-e-responsavel\">Os operadores de jogo online dever\u00e3o introduzir voluntariamente um conjunto de regras e procedimentos para tornar o jogo seguro e respons\u00e1vel.<\/h5>\n\n\n\n<div style=\"height:40px\" aria-hidden=\"true\" class=\"wp-block-spacer\"><\/div>\n\n\n\n<h2 id=\"recomendacoes\">RECOMENDA\u00c7\u00d5ES<\/h2>\n\n\n\n<div style=\"height:40px\" aria-hidden=\"true\" class=\"wp-block-spacer\"><\/div>\n\n\n\n<div class=\"wp-block-media-text alignwide is-stacked-on-mobile has-cyan-bluish-gray-background-color has-background\" style=\"grid-template-columns:22% auto\"><figure class=\"wp-block-media-text__media\"><img loading=\"lazy\" width=\"1024\" height=\"1024\" src=\"https:\/\/www.jogoremoto.pt\/site\/wp-content\/uploads\/2022\/04\/2-Prevencao-do-Jogo-de-Menores-de-Idade-1024x1024.jpg\" alt=\"\" class=\"wp-image-24134 size-full\" srcset=\"https:\/\/www.jogoremoto.pt\/site\/wp-content\/uploads\/2022\/04\/2-Prevencao-do-Jogo-de-Menores-de-Idade-1024x1024.jpg 1024w, https:\/\/www.jogoremoto.pt\/site\/wp-content\/uploads\/2022\/04\/2-Prevencao-do-Jogo-de-Menores-de-Idade-300x300.jpg 300w, https:\/\/www.jogoremoto.pt\/site\/wp-content\/uploads\/2022\/04\/2-Prevencao-do-Jogo-de-Menores-de-Idade-150x150.jpg 150w, https:\/\/www.jogoremoto.pt\/site\/wp-content\/uploads\/2022\/04\/2-Prevencao-do-Jogo-de-Menores-de-Idade-1536x1536.jpg 1536w, https:\/\/www.jogoremoto.pt\/site\/wp-content\/uploads\/2022\/04\/2-Prevencao-do-Jogo-de-Menores-de-Idade-2048x2048.jpg 2048w\" sizes=\"(max-width: 1024px) 100vw, 1024px\" \/><\/figure><div class=\"wp-block-media-text__content\">\n<p class=\"has-medium-font-size\">Liga\u00e7\u00f5es e Informa\u00e7\u00e3o.<\/p>\n\n\n\n<p class=\"has-medium-font-size\">Registo e Verifica\u00e7\u00e3o.<\/p>\n\n\n\n<p class=\"has-medium-font-size\">Lidar com Indiv\u00edduos Menores de Idade Identificados.<\/p>\n\n\n\n<p class=\"has-medium-font-size\">Geral.  <\/p>\n<\/div><\/div>\n\n\n\n<div style=\"height:40px\" aria-hidden=\"true\" class=\"wp-block-spacer\"><\/div>\n\n\n\n<p class=\"has-very-light-gray-color has-very-dark-gray-background-color has-text-color has-background has-medium-font-size\">LIGA\u00c7\u00d5ES E INFORMA\u00c7\u00c3O <\/p>\n\n\n\n<p class=\"has-cyan-bluish-gray-background-color has-background has-medium-font-size\"><strong>2.1 \u2013<\/strong>&nbsp;A p\u00e1gina inicial dos s\u00edtios de jogo e apostas online licenciados deve exibir uma sinal\u00e9tica clara e proeminente sobre restri\u00e7\u00e3o et\u00e1ria determinada pela autoridade de regula\u00e7\u00e3o, de acordo com a idade m\u00ednima para jogar exigida pela jurisdi\u00e7\u00e3o portuguesa, com uma liga\u00e7\u00e3o clara a uma mensagem sobre o jogo de menores.<\/p>\n\n\n\n<p class=\"has-background has-medium-font-size\" style=\"background-color:#adadad\"><strong>2.2 \u2013<\/strong>&nbsp;As condi\u00e7\u00f5es e termos contratuais de utiliza\u00e7\u00e3o dos s\u00edtios de jogo e apostas online licenciados devem declarar que nenhum jogador abaixo da idade legal est\u00e1 autorizado a participar em jogos a dinheiro na Internet.<\/p>\n\n\n\n<p class=\"has-cyan-bluish-gray-background-color has-background has-medium-font-size\"><strong>2.3 \u2013<\/strong>&nbsp;A p\u00e1gina sobre o jogo respons\u00e1vel dos s\u00edtios de jogo e apostas online licenciados deve ter uma hiperliga\u00e7\u00e3o a um programa de filtragem reconhecido que permite aos clientes\/pais impedir que os menores tenham acesso a sites de jogos e apostas.<\/p>\n\n\n\n<div style=\"height:40px\" aria-hidden=\"true\" class=\"wp-block-spacer\"><\/div>\n\n\n\n<p class=\"has-very-light-gray-color has-very-dark-gray-background-color has-text-color has-background has-medium-font-size\">REGISTO E VERIFICA\u00c7\u00c3O<\/p>\n\n\n\n<p class=\"has-background has-medium-font-size\" style=\"background-color:#adadad\"><strong>2.4 \u2013<\/strong>&nbsp;O processo de registo nos s\u00edtios de jogo e apostas online licenciados deve incluir uma mensagem clara sobre a proibi\u00e7\u00e3o do jogo de menores.<\/p>\n\n\n\n<p class=\"has-cyan-bluish-gray-background-color has-background has-medium-font-size\"><strong>2.5 \u2013<\/strong>&nbsp;O registo de clientes deve requerer ao cliente que forne\u00e7a a seguinte informa\u00e7\u00e3o m\u00ednima: nome, idade, morada e detalhes do nome \u00fanico de utilizador e password.<\/p>\n\n\n\n<p class=\"has-background has-medium-font-size\" style=\"background-color:#adadad\"><strong>2.6 \u2013<\/strong>&nbsp;A verifica\u00e7\u00e3o da idade e do cliente deve decorrer de acordo com um processo formal e documentado, e deve conter verifica\u00e7\u00f5es pelo operador e uma entidade terceira, sempre que exequ\u00edvel e dispon\u00edvel.<\/p>\n\n\n\n<p class=\"has-cyan-bluish-gray-background-color has-background has-medium-font-size\"><strong>2.7 \u2013<\/strong>&nbsp;Os operadores de jogos e apostas licenciados devem trabalhar com um prestador de servi\u00e7os de verifica\u00e7\u00e3o id\u00f3neo por forma a melhorar a cobertura e qualidade da verifica\u00e7\u00e3o dispon\u00edvel.<\/p>\n\n\n\n<div style=\"height:40px\" aria-hidden=\"true\" class=\"wp-block-spacer\"><\/div>\n\n\n\n<p class=\"has-very-light-gray-color has-very-dark-gray-background-color has-text-color has-background has-medium-font-size\">LIDAR COM INDIV\u00cdDUOS MENORES DE IDADE IDENTIFICADOS <\/p>\n\n\n\n<p class=\"has-background has-medium-font-size\" style=\"background-color:#adadad\"><strong>2.8 \u2013<\/strong>&nbsp;Os s\u00edtios de jogo e apostas online licenciados devem ter uma pol\u00edtica clara e bem documentada a aplicar no caso de um menor ser identificado.<\/p>\n\n\n\n<p class=\"has-cyan-bluish-gray-background-color has-background has-medium-font-size\"><strong>2.9 \u2013<\/strong>&nbsp;Os s\u00edtios de jogo e apostas online licenciados devem ter em vigor um sistema apropriado de reembolso de todos os dep\u00f3sitos caso uma pessoa, ap\u00f3s o registo, seja identificada como um individuo menor.<\/p>\n\n\n\n<p class=\"has-background has-medium-font-size\" style=\"background-color:#adadad\"><strong>2.10 \u2013&nbsp;<\/strong>Os s\u00edtios de jogo e apostas online licenciados devem fechar imediatamente as contas de todos os menores detetados ou pessoas suspeitas de serem menores que tenham acedido aos seus servi\u00e7os.<\/p>\n\n\n\n<div style=\"height:40px\" aria-hidden=\"true\" class=\"wp-block-spacer\"><\/div>\n\n\n\n<p class=\"has-very-light-gray-color has-very-dark-gray-background-color has-text-color has-background has-medium-font-size\">GERAL<\/p>\n\n\n\n<p class=\"has-cyan-bluish-gray-background-color has-background has-medium-font-size\"><strong>2.11 \u2013<\/strong>&nbsp;Os s\u00edtios de jogo e apostas online licenciados devem exigir um registo antes de autorizar os potenciais clientes a \u201cJogar Gratuitamente\u201d e este processo de registo deve incluir a confirma\u00e7\u00e3o da idade.<\/p>\n\n\n\n<p class=\"has-background has-medium-font-size\" style=\"background-color:#adadad\"><strong>2.12 \u2013<\/strong>&nbsp;Os operadores de jogo e apostas online licenciados devem empenhar-se ativamente em prevenir a publicidade dirigida a menores, e n\u00e3o deve retratar indiv\u00edduos menores em quaisquer an\u00fancios ou material promocional ao jogo.<\/p>\n\n\n\n<p class=\"has-cyan-bluish-gray-background-color has-background has-medium-font-size\"><strong>2.13 \u2013<\/strong>&nbsp;Nos s\u00edtios de jogo e apostas online licenciados, todos os trabalhadores envolvidos no processo de verifica\u00e7\u00e3o de idade devem receber forma\u00e7\u00e3o sobre os procedimentos a seguir caso seja identificada a necessidade de verifica\u00e7\u00e3o adicional.<\/p>\n\n\n\n<p class=\"has-vivid-red-color has-text-color\"><a href=\"https:\/\/www.jogoremoto.pt\/site\/wp-content\/uploads\/2022\/01\/Preven%C3%A7%C3%A3o-do-jogo-de-menores-de-idade-_-Observat%C3%B3rio-do-Jogo-Respons%C3%A1vel....pdf\"><img loading=\"lazy\" width=\"1024\" height=\"1024\" class=\"wp-image-10567\" style=\"width: 80px;\" src=\"https:\/\/www.jogoremoto.pt\/site\/wp-content\/uploads\/2015\/07\/PDF-icon.png\" alt=\"\" srcset=\"https:\/\/www.jogoremoto.pt\/site\/wp-content\/uploads\/2015\/07\/PDF-icon.png 1024w, https:\/\/www.jogoremoto.pt\/site\/wp-content\/uploads\/2015\/07\/PDF-icon-150x150.png 150w, https:\/\/www.jogoremoto.pt\/site\/wp-content\/uploads\/2015\/07\/PDF-icon-300x300.png 300w\" sizes=\"(max-width: 1024px) 100vw, 1024px\" \/><\/a> <strong><a href=\"http:\/\/www.jogoremoto.pt\/site\/wp-content\/uploads\/2022\/01\/Preven\u00e7\u00e3o-do-jogo-de-menores-de-idade-_-Observat\u00f3rio-do-Jogo-Respons\u00e1vel....pdf\">IMPRIMIR<\/a><\/strong><\/p>\n\n\n\n<div style=\"height:40px\" aria-hidden=\"true\" class=\"wp-block-spacer\"><\/div>\n\n\n\n<p class=\"has-small-font-size\"> <strong>Consultas<\/strong><br>Trabalhos da Comiss\u00e3o Europeia no dom\u00ednio dos servi\u00e7os de jogo online<br>Decreto Lei n.\u00ba 66\/2015, de 29 de Abril<br>Servi\u00e7os de Regula\u00e7\u00e3o e Inspe\u00e7\u00e3o de Jogos | Turismo de Portugal<br>CEN \u2013 Comit\u00e9 Europeu de Normaliza\u00e7\u00e3o<br>European Organization for Gaming Law<br>European Gaming and Betting Association<br>European Lotteries<br>International Olympic Committee<br>Betting and Gaming Council<br>International Betting Integrity Association<br>Conselho da Europa<br>International Association of Gaming Regulators<br>e-Commerce and Online Gaming Gaming Regulations and Assurance  <\/p>\n\n\n\n<div style=\"height:40px\" aria-hidden=\"true\" class=\"wp-block-spacer\"><\/div>\n\n\n\n<h2 id=\"protecao-dos-consumidores\"><strong>PROTE\u00c7\u00c3O DOS CONSUMIDORES<\/strong><\/h2>\n\n\n\n<div style=\"height:40px\" aria-hidden=\"true\" class=\"wp-block-spacer\"><\/div>\n\n\n\n<p>A ind\u00fastria dos Jogos de Fortuna ou Azar dever\u00e1 responder de forma coerente \u00e0s iniciativas desenvolvidas a n\u00edvel europeu, em particular&nbsp;a&nbsp;<span style=\"color: #ff6600;\"><a style=\"color: #ff6600;\" href=\"http:\/\/www.jogoseguro.pt\/wp-content\/uploads\/2016\/05\/RECOMENDA%C3%87%C3%83O-DA-COMISS%C3%83O-DE-14-DE-JULHO-DE-2014.pdf\">Recomenda\u00e7\u00e3o da Comiss\u00e3o Europeia de 14 de julho de 2014<\/a><\/span>, sobre princ\u00edpios para a prote\u00e7\u00e3o dos consumidores e utilizadores de servi\u00e7os de jogos e apostas online e preven\u00e7\u00e3o do jogo entre menores de idade. Este documento, que reflete os trabalhos anteriores da Comiss\u00e3o e do Parlamento Europeu, prop\u00f5e aos diferentes Estados-Membros a ado\u00e7\u00e3o de um elenco de medidas com o objetivo de proteger o consumidor e o cidad\u00e3o em geral, com particular \u00eanfase nos coletivos suscet\u00edveis de considera\u00e7\u00e3o especial.<\/p>\n\n\n\n<p>Em Portugal, os&nbsp;operadores de jogo online, em cumprimento com o disposto no<span style=\"color: #ff6600;\"><a style=\"color: #ff6600;\" href=\"http:\/\/www.jogoseguro.pt\/wp-content\/uploads\/2017\/12\/ARTIGO-7-DEC-LEI-66_2015.pdf\">&nbsp;Decreto-Lei 66\/2015 de 29 de abril de 2015<\/a><\/span>, sobre \u2018Pol\u00edtica de Jogo Respons\u00e1vel\u2019,&nbsp;est\u00e3o obrigados a introduzir um conjunto de regras e procedimentos para tornar o jogo seguro e respons\u00e1vel.<\/p>\n\n\n\n<div style=\"height:40px\" aria-hidden=\"true\" class=\"wp-block-spacer\"><\/div>\n\n\n\n<h3 class=\"has-text-align-center\" id=\"visite\">Visite<\/h3>\n\n\n\n<div class=\"wp-block-image is-style-default\"><figure class=\"aligncenter size-full\"><a href=\"https:\/\/www.jogoremoto.pt\/\"><img loading=\"lazy\" width=\"180\" height=\"180\" src=\"https:\/\/www.jogoremoto.pt\/site\/wp-content\/uploads\/2023\/01\/VISITE-1.jpg\" alt=\"\" class=\"wp-image-24806\" srcset=\"https:\/\/www.jogoremoto.pt\/site\/wp-content\/uploads\/2023\/01\/VISITE-1.jpg 180w, https:\/\/www.jogoremoto.pt\/site\/wp-content\/uploads\/2023\/01\/VISITE-1-300x300.jpg 300w, https:\/\/www.jogoremoto.pt\/site\/wp-content\/uploads\/2023\/01\/VISITE-1-1024x1024.jpg 1024w, https:\/\/www.jogoremoto.pt\/site\/wp-content\/uploads\/2023\/01\/VISITE-1-150x150.jpg 150w, https:\/\/www.jogoremoto.pt\/site\/wp-content\/uploads\/2023\/01\/VISITE-1-768x768.jpg 768w, https:\/\/www.jogoremoto.pt\/site\/wp-content\/uploads\/2023\/01\/VISITE-1-1536x1536.jpg 1536w, https:\/\/www.jogoremoto.pt\/site\/wp-content\/uploads\/2023\/01\/VISITE-1-2048x2048.jpg 2048w\" sizes=\"(max-width: 180px) 100vw, 180px\" \/><\/a><\/figure><\/div>\n\n\n\n<p class=\"has-text-align-right\"><div class=\"rule\"><span class=\"top\">top<\/span><\/div><\/p>\n","protected":false},"excerpt":{"rendered":"<p>Atualiza\u00e7\u00e3o em janeiro de 2022 JOGO SEGURO E RESPONS\u00c1VEL Os operadores de jogo online dever\u00e3o introduzir voluntariamente um conjunto de regras e procedimentos para tornar o jogo seguro e respons\u00e1vel. RECOMENDA\u00c7\u00d5ES Liga\u00e7\u00f5es e Informa\u00e7\u00e3o. Registo e Verifica\u00e7\u00e3o. Lidar com Indiv\u00edduos Menores de Idade Identificados. Geral. LIGA\u00c7\u00d5ES E INFORMA\u00c7\u00c3O 2.1 \u2013&nbsp;A p\u00e1gina inicial dos s\u00edtios de [&hellip;]<\/p>\n","protected":false},"author":1,"featured_media":0,"parent":0,"menu_order":0,"comment_status":"closed","ping_status":"closed","template":"","meta":[],"_links":{"self":[{"href":"https:\/\/www.jogoremoto.pt\/site\/wp-json\/wp\/v2\/pages\/19123"}],"collection":[{"href":"https:\/\/www.jogoremoto.pt\/site\/wp-json\/wp\/v2\/pages"}],"about":[{"href":"https:\/\/www.jogoremoto.pt\/site\/wp-json\/wp\/v2\/types\/page"}],"author":[{"embeddable":true,"href":"https:\/\/www.jogoremoto.pt\/site\/wp-json\/wp\/v2\/users\/1"}],"replies":[{"embeddable":true,"href":"https:\/\/www.jogoremoto.pt\/site\/wp-json\/wp\/v2\/comments?post=19123"}],"version-history":[{"count":75,"href":"https:\/\/www.jogoremoto.pt\/site\/wp-json\/wp\/v2\/pages\/19123\/revisions"}],"predecessor-version":[{"id":25822,"href":"https:\/\/www.jogoremoto.pt\/site\/wp-json\/wp\/v2\/pages\/19123\/revisions\/25822"}],"wp:attachment":[{"href":"https:\/\/www.jogoremoto.pt\/site\/wp-json\/wp\/v2\/media?parent=19123"}],"curies":[{"name":"wp","href":"https:\/\/api.w.org\/{rel}","templated":true}]}}